{"id":1368237,"date":"2025-02-15T01:13:29","date_gmt":"2025-02-15T00:13:29","guid":{"rendered":"https:\/\/streetmarkets.fr\/app\/produit\/robe-longue-bretelles-s25-femme-navy\/"},"modified":"2025-10-02T01:59:04","modified_gmt":"2025-10-01T23:59:04","slug":"robe-longue-bretelles-s25-femme-navy","status":"publish","type":"product","link":"https:\/\/streetmarkets.fr\/app\/produit\/robe-longue-bretelles-s25-femme-navy\/","title":{"rendered":"Robe Longue Bretelles Rafaella (S25 \/ FEMME \/ Navy)"},"content":{"rendered":"<p>Tout en \u00e9l\u00e9gance, cette robe longue d\u00e9voile un jeu de plis, et une jupe d\u00e9licatement fendue. Des bretelles fines \u00e0 nouer et une fermeture boutonn\u00e9e sur la longueur soulignent la silhouette \u00e9l\u00e9gante.<\/p>\n<p>&#8211; Robe longue Femme<br \/>\n<br \/>&#8211; Bretelles fines \u00e0 nouer<br \/>\n<br \/>&#8211; Encolure carr\u00e9e<br \/>\n<br \/>&#8211; D\u00e9tails pliss\u00e9s<br \/>\n<br \/>&#8211; Fermeture boutonn\u00e9e<br \/>\n<br \/>&#8211; Jupe fendue<br \/>\n<br \/>&#8211; Coupe regular<\/p>\n","protected":false},"excerpt":{"rendered":"<p>Tout en \u00e9l\u00e9gance, cette robe longue d\u00e9voile un jeu de plis, et une jupe d\u00e9licatement fendue. Des bretelles fines \u00e0 nouer et une fermeture boutonn\u00e9e sur la longueur soulignent la silhouette \u00e9l\u00e9gante. &#8211; Robe longue Femme &#8211; Bretelles fines \u00e0 nouer &#8211; Encolure carr\u00e9e &#8211; D\u00e9tails pliss\u00e9s &#8211; Fermeture boutonn\u00e9e &#8211; Jupe fendue &#8211; Coupe [&hellip;]<\/p>\n","protected":false},"featured_media":1368238,"comment_status":"open","ping_status":"closed","template":"","meta":[],"product_brand":[6868],"product_cat":[1756,1762],"product_tag":[2244],"acf":[],"_links":{"self":[{"href":"https:\/\/streetmarkets.fr\/app\/wp-json\/wp\/v2\/product\/1368237"}],"collection":[{"href":"https:\/\/streetmarkets.fr\/app\/wp-json\/wp\/v2\/product"}],"about":[{"href":"https:\/\/streetmarkets.fr\/app\/wp-json\/wp\/v2\/types\/product"}],"replies":[{"embeddable":true,"href":"https:\/\/streetmarkets.fr\/app\/wp-json\/wp\/v2\/comments?post=1368237"}],"wp:featuredmedia":[{"embeddable":true,"href":"https:\/\/streetmarkets.fr\/app\/wp-json\/wp\/v2\/media\/1368238"}],"wp:attachment":[{"href":"https:\/\/streetmarkets.fr\/app\/wp-json\/wp\/v2\/media?parent=1368237"}],"wp:term":[{"taxonomy":"product_brand","embeddable":true,"href":"https:\/\/streetmarkets.fr\/app\/wp-json\/wp\/v2\/product_brand?post=1368237"},{"taxonomy":"product_cat","embeddable":true,"href":"https:\/\/streetmarkets.fr\/app\/wp-json\/wp\/v2\/product_cat?post=1368237"},{"taxonomy":"product_tag","embeddable":true,"href":"https:\/\/streetmarkets.fr\/app\/wp-json\/wp\/v2\/product_tag?post=1368237"}],"curies":[{"name":"wp","href":"https:\/\/api.w.org\/{rel}","templated":true}]}}