{"id":1352525,"date":"2025-02-12T00:19:29","date_gmt":"2025-02-11T23:19:29","guid":{"rendered":"https:\/\/streetmarkets.fr\/app\/produit\/ecusson-carlin\/"},"modified":"2026-04-29T01:12:10","modified_gmt":"2026-04-28T23:12:10","slug":"ecusson-carlin","status":"publish","type":"product","link":"https:\/\/streetmarkets.fr\/app\/produit\/ecusson-carlin\/","title":{"rendered":"Ecusson Carlin"},"content":{"rendered":"<p><a href=\"https:\/\/frenchtouche.com\/collections\/malicieuse\" title=\"Collection Malicieuse\"><b>Collection Malicieuse<\/b><\/a><\/p>\n<div id=\"CollapsibleAccordion-product-description\" class=\"accordion__content\" role=\"region\" aria-labelledby=\"Summary-product-description\">\n<p><span>L&#8217;adorable patch \u00e0 thermocoller Carlin parfait pour tous les Dog Lovers, pour faire honneur \u00e0 ton fid\u00e8le ami.<\/span><\/p>\n<p>Pssst, le truc cool c&#8217;est qu&#8217;il se pose en un coup de fer \u00e0 repasser, rien de plus simple !<\/p>\n<ul>\n<li>Patch \u00e0 thermocoller motif  <span>chien de race <strong>CARLIN<\/strong> avec bandana coeurs<\/span>\n<\/li>\n<li>Dimensions : 5 x 3 cm<\/li>\n<li>R\u00e9sistant au lavage \u00e0 froid 30\u00b0\n<\/li>\n<\/ul>\n<p>Une cr\u00e9ation\u00a0<em>Malicieuse <\/em>dessin\u00e9e\u00a0en R\u00e9gion Parisienne avec amour\u00a0\u2764\ufe0f\u00a0<\/p>\n<\/div>\n","protected":false},"excerpt":{"rendered":"<p>Collection Malicieuse L&#8217;adorable patch \u00e0 thermocoller Carlin parfait pour tous les Dog Lovers, pour faire honneur \u00e0 ton fid\u00e8le ami. Pssst, le truc cool c&#8217;est qu&#8217;il se pose en un coup de fer \u00e0 repasser, rien de plus simple ! Patch \u00e0 thermocoller motif chien de race CARLIN avec bandana coeurs Dimensions : 5 x [&hellip;]<\/p>\n","protected":false},"featured_media":1352526,"comment_status":"open","ping_status":"closed","template":"","meta":[],"product_brand":[],"product_cat":[1756,1764,1760],"product_tag":[2244],"acf":[],"_links":{"self":[{"href":"https:\/\/streetmarkets.fr\/app\/wp-json\/wp\/v2\/product\/1352525"}],"collection":[{"href":"https:\/\/streetmarkets.fr\/app\/wp-json\/wp\/v2\/product"}],"about":[{"href":"https:\/\/streetmarkets.fr\/app\/wp-json\/wp\/v2\/types\/product"}],"replies":[{"embeddable":true,"href":"https:\/\/streetmarkets.fr\/app\/wp-json\/wp\/v2\/comments?post=1352525"}],"wp:featuredmedia":[{"embeddable":true,"href":"https:\/\/streetmarkets.fr\/app\/wp-json\/wp\/v2\/media\/1352526"}],"wp:attachment":[{"href":"https:\/\/streetmarkets.fr\/app\/wp-json\/wp\/v2\/media?parent=1352525"}],"wp:term":[{"taxonomy":"product_brand","embeddable":true,"href":"https:\/\/streetmarkets.fr\/app\/wp-json\/wp\/v2\/product_brand?post=1352525"},{"taxonomy":"product_cat","embeddable":true,"href":"https:\/\/streetmarkets.fr\/app\/wp-json\/wp\/v2\/product_cat?post=1352525"},{"taxonomy":"product_tag","embeddable":true,"href":"https:\/\/streetmarkets.fr\/app\/wp-json\/wp\/v2\/product_tag?post=1352525"}],"curies":[{"name":"wp","href":"https:\/\/api.w.org\/{rel}","templated":true}]}}