{"id":1352490,"date":"2025-02-12T00:19:28","date_gmt":"2025-02-11T23:19:28","guid":{"rendered":"https:\/\/streetmarkets.fr\/app\/produit\/ecusson-no-rain-no-flower\/"},"modified":"2026-05-09T01:14:12","modified_gmt":"2026-05-08T23:14:12","slug":"ecusson-no-rain-no-flower","status":"publish","type":"product","link":"https:\/\/streetmarkets.fr\/app\/produit\/ecusson-no-rain-no-flower\/","title":{"rendered":"Ecusson No Rain No Flower"},"content":{"rendered":"<p><a href=\"https:\/\/frenchtouche.com\/collections\/malicieuse\" title=\"Collection Malicieuse\"><b>Collection Malicieuse<\/b><\/a><\/p>\n<div id=\"CollapsibleAccordion-product-description\" class=\"accordion__content\" role=\"region\" aria-labelledby=\"Summary-product-description\">\n<p><span>Un \u00e9cusson 100% Good Mood &#8220;no rain no flower&#8221;, parfait pour vous mettre de bonne humeur.<\/span><\/p>\n<p>Pssst, le truc cool c&#8217;est qu&#8217;il se pose en un coup de fer \u00e0 repasser, rien de plus simple !<\/p>\n<ul>\n<li>Patch \u00e0 thermocoller motif fleur p\u00e2querette blanche et orange<\/li>\n<li>Dimensions : 5 x 5 cm<\/li>\n<li>R\u00e9sistant au lavage \u00e0 froid 30\u00b0\n<\/li>\n<\/ul>\n<p>Une cr\u00e9ation\u00a0<em>Malicieuse <\/em>dessin\u00e9e\u00a0en R\u00e9gion Parisienne avec amour\u00a0\u2764\ufe0f\u00a0<\/p>\n<\/div>\n","protected":false},"excerpt":{"rendered":"<p>Collection Malicieuse Un \u00e9cusson 100% Good Mood &#8220;no rain no flower&#8221;, parfait pour vous mettre de bonne humeur. Pssst, le truc cool c&#8217;est qu&#8217;il se pose en un coup de fer \u00e0 repasser, rien de plus simple ! Patch \u00e0 thermocoller motif fleur p\u00e2querette blanche et orange Dimensions : 5 x 5 cm R\u00e9sistant au [&hellip;]<\/p>\n","protected":false},"featured_media":1352491,"comment_status":"open","ping_status":"closed","template":"","meta":[],"product_brand":[],"product_cat":[1756,1764],"product_tag":[2244],"acf":[],"_links":{"self":[{"href":"https:\/\/streetmarkets.fr\/app\/wp-json\/wp\/v2\/product\/1352490"}],"collection":[{"href":"https:\/\/streetmarkets.fr\/app\/wp-json\/wp\/v2\/product"}],"about":[{"href":"https:\/\/streetmarkets.fr\/app\/wp-json\/wp\/v2\/types\/product"}],"replies":[{"embeddable":true,"href":"https:\/\/streetmarkets.fr\/app\/wp-json\/wp\/v2\/comments?post=1352490"}],"wp:featuredmedia":[{"embeddable":true,"href":"https:\/\/streetmarkets.fr\/app\/wp-json\/wp\/v2\/media\/1352491"}],"wp:attachment":[{"href":"https:\/\/streetmarkets.fr\/app\/wp-json\/wp\/v2\/media?parent=1352490"}],"wp:term":[{"taxonomy":"product_brand","embeddable":true,"href":"https:\/\/streetmarkets.fr\/app\/wp-json\/wp\/v2\/product_brand?post=1352490"},{"taxonomy":"product_cat","embeddable":true,"href":"https:\/\/streetmarkets.fr\/app\/wp-json\/wp\/v2\/product_cat?post=1352490"},{"taxonomy":"product_tag","embeddable":true,"href":"https:\/\/streetmarkets.fr\/app\/wp-json\/wp\/v2\/product_tag?post=1352490"}],"curies":[{"name":"wp","href":"https:\/\/api.w.org\/{rel}","templated":true}]}}