{"id":1352374,"date":"2025-02-12T00:19:24","date_gmt":"2025-02-11T23:19:24","guid":{"rendered":"https:\/\/streetmarkets.fr\/app\/produit\/trio-mini-ecussons-or\/"},"modified":"2026-05-04T01:18:43","modified_gmt":"2026-05-03T23:18:43","slug":"trio-mini-ecussons-or","status":"publish","type":"product","link":"https:\/\/streetmarkets.fr\/app\/produit\/trio-mini-ecussons-or\/","title":{"rendered":"Trio Mini Ecussons Or"},"content":{"rendered":"<p><a title=\"Collection Malicieuse\" href=\"https:\/\/frenchtouche.com\/collections\/malicieuse\"><b>Collection Malicieuse<\/b><\/a><\/p>\n<div aria-labelledby=\"Summary-product-description\" role=\"region\" class=\"accordion__content\" id=\"CollapsibleAccordion-product-description\">\n<p><span>Ce lot de 3 mini broderies parfait pour ajouter une touche po\u00e9tique \u00e0 vos v\u00eatements et accessoires. Sa taille compacte parfaite pour recouvrir les petits trous ou camoufler les petites t\u00e2ches, pour que chaque v\u00eatement soit comme neuf et unique !<\/span><\/p>\n<ul>\n<li>\nLot de 3 \u00e9cussons thermocollants : <strong>COEUR<\/strong> \/\u00a0<strong>LUNE<\/strong> \/\u00a0<strong>COURONNE<\/strong>\n<\/li>\n<li>\nDimensions mini format : coeur :\u00a02 x 3,5 cm \/ lune : 2 x 3,5 cm \/ couronne : 3 x 3 cm<\/li>\n<li>R\u00e9sistants au lavage \u00e0 froid 30\u00b0<\/li>\n<\/ul>\n<p>Une cr\u00e9ation\u00a0<em>Malicieuse\u00a0<\/em>dessin\u00e9e\u00a0en R\u00e9gion Parisienne avec amour\u00a0\u2764\ufe0f\u00a0<\/p>\n<\/div>\n","protected":false},"excerpt":{"rendered":"<p>Collection Malicieuse Ce lot de 3 mini broderies parfait pour ajouter une touche po\u00e9tique \u00e0 vos v\u00eatements et accessoires. Sa taille compacte parfaite pour recouvrir les petits trous ou camoufler les petites t\u00e2ches, pour que chaque v\u00eatement soit comme neuf et unique ! Lot de 3 \u00e9cussons thermocollants : COEUR \/\u00a0LUNE \/\u00a0COURONNE Dimensions mini format [&hellip;]<\/p>\n","protected":false},"featured_media":1352375,"comment_status":"open","ping_status":"closed","template":"","meta":[],"product_brand":[],"product_cat":[1756,1764,1760],"product_tag":[2244],"acf":[],"_links":{"self":[{"href":"https:\/\/streetmarkets.fr\/app\/wp-json\/wp\/v2\/product\/1352374"}],"collection":[{"href":"https:\/\/streetmarkets.fr\/app\/wp-json\/wp\/v2\/product"}],"about":[{"href":"https:\/\/streetmarkets.fr\/app\/wp-json\/wp\/v2\/types\/product"}],"replies":[{"embeddable":true,"href":"https:\/\/streetmarkets.fr\/app\/wp-json\/wp\/v2\/comments?post=1352374"}],"wp:featuredmedia":[{"embeddable":true,"href":"https:\/\/streetmarkets.fr\/app\/wp-json\/wp\/v2\/media\/1352375"}],"wp:attachment":[{"href":"https:\/\/streetmarkets.fr\/app\/wp-json\/wp\/v2\/media?parent=1352374"}],"wp:term":[{"taxonomy":"product_brand","embeddable":true,"href":"https:\/\/streetmarkets.fr\/app\/wp-json\/wp\/v2\/product_brand?post=1352374"},{"taxonomy":"product_cat","embeddable":true,"href":"https:\/\/streetmarkets.fr\/app\/wp-json\/wp\/v2\/product_cat?post=1352374"},{"taxonomy":"product_tag","embeddable":true,"href":"https:\/\/streetmarkets.fr\/app\/wp-json\/wp\/v2\/product_tag?post=1352374"}],"curies":[{"name":"wp","href":"https:\/\/api.w.org\/{rel}","templated":true}]}}