{"id":1326124,"date":"2025-02-08T01:12:37","date_gmt":"2025-02-08T00:12:37","guid":{"rendered":"https:\/\/streetmarkets.fr\/app\/produit\/outerwear-veste-s25-femme-leopard\/"},"modified":"2025-09-04T01:49:19","modified_gmt":"2025-09-03T23:49:19","slug":"outerwear-veste-s25-femme-leopard","status":"publish","type":"product","link":"https:\/\/streetmarkets.fr\/app\/produit\/outerwear-veste-s25-femme-leopard\/","title":{"rendered":"Outerwear Veste L\u00e9opard (S25 \/ FEMME \/ Leopard)"},"content":{"rendered":"<p>Rejoignez le Club avec cette veste zipp\u00e9e, orn\u00e9e de l\u2019imprim\u00e9 phare l\u00e9opard. Confectionn\u00e9e en coton, elle r\u00e9v\u00e8le un col chemise et deux poches plaqu\u00e9es. Une signature &#8220;From Future&#8221; r\u00e9hausse cette pi\u00e8ce audacieuse.<\/p>\n<p>&#8211; Veste courte en coton Femme<br \/>\n<br \/>&#8211; Imprim\u00e9 &#8220;From Future&#8221; sur la poitrine<br \/>\n<br \/>&#8211; Col chemise<br \/>\n<br \/>&#8211; Fermeture zipp\u00e9e<br \/>\n<br \/>&#8211; Manches longues<br \/>\n<br \/>&#8211; 2 poches plaqu\u00e9es<br \/>\n<br \/>&#8211; Coupe regular<\/p>\n","protected":false},"excerpt":{"rendered":"<p>Rejoignez le Club avec cette veste zipp\u00e9e, orn\u00e9e de l\u2019imprim\u00e9 phare l\u00e9opard. Confectionn\u00e9e en coton, elle r\u00e9v\u00e8le un col chemise et deux poches plaqu\u00e9es. Une signature &#8220;From Future&#8221; r\u00e9hausse cette pi\u00e8ce audacieuse. &#8211; Veste courte en coton Femme &#8211; Imprim\u00e9 &#8220;From Future&#8221; sur la poitrine &#8211; Col chemise &#8211; Fermeture zipp\u00e9e &#8211; Manches longues &#8211; [&hellip;]<\/p>\n","protected":false},"featured_media":1326125,"comment_status":"open","ping_status":"closed","template":"","meta":[],"product_brand":[6868],"product_cat":[1756,1762],"product_tag":[2244],"acf":[],"_links":{"self":[{"href":"https:\/\/streetmarkets.fr\/app\/wp-json\/wp\/v2\/product\/1326124"}],"collection":[{"href":"https:\/\/streetmarkets.fr\/app\/wp-json\/wp\/v2\/product"}],"about":[{"href":"https:\/\/streetmarkets.fr\/app\/wp-json\/wp\/v2\/types\/product"}],"replies":[{"embeddable":true,"href":"https:\/\/streetmarkets.fr\/app\/wp-json\/wp\/v2\/comments?post=1326124"}],"wp:featuredmedia":[{"embeddable":true,"href":"https:\/\/streetmarkets.fr\/app\/wp-json\/wp\/v2\/media\/1326125"}],"wp:attachment":[{"href":"https:\/\/streetmarkets.fr\/app\/wp-json\/wp\/v2\/media?parent=1326124"}],"wp:term":[{"taxonomy":"product_brand","embeddable":true,"href":"https:\/\/streetmarkets.fr\/app\/wp-json\/wp\/v2\/product_brand?post=1326124"},{"taxonomy":"product_cat","embeddable":true,"href":"https:\/\/streetmarkets.fr\/app\/wp-json\/wp\/v2\/product_cat?post=1326124"},{"taxonomy":"product_tag","embeddable":true,"href":"https:\/\/streetmarkets.fr\/app\/wp-json\/wp\/v2\/product_tag?post=1326124"}],"curies":[{"name":"wp","href":"https:\/\/api.w.org\/{rel}","templated":true}]}}