{"id":1325982,"date":"2025-02-08T01:11:38","date_gmt":"2025-02-08T00:11:38","guid":{"rendered":"https:\/\/streetmarkets.fr\/app\/produit\/top-debardeur-baigneur-s25-femme-ecru-navy\/"},"modified":"2025-09-28T02:20:29","modified_gmt":"2025-09-28T00:20:29","slug":"top-debardeur-baigneur-s25-femme-ecru-navy","status":"publish","type":"product","link":"https:\/\/streetmarkets.fr\/app\/produit\/top-debardeur-baigneur-s25-femme-ecru-navy\/","title":{"rendered":"Top D\u00e9bardeur Baigneur (S25 \/ FEMME \/ Ecru\/Navy)"},"content":{"rendered":"<p>Inspiration marini\u00e8re pour ce top d\u00e9bardeur orn\u00e9 de rayures et d\u2019une broderie &#8220;FF&#8221;. Confectionn\u00e9 en laine m\u00e9rinos 4 fils, il d\u00e9voile un col rond, des bretelles fines et des bords contrast\u00e9s. Associez-le au short coordonn\u00e9 pour un ensemble d\u00e9contract\u00e9.<\/p>\n<p>&#8211; Top d\u00e9bardeur marini\u00e8re en laine m\u00e9rinos 4 fils Femme<br \/>\n<br \/>&#8211; Imprim\u00e9 rayures<br \/>\n<br \/>&#8211; Broderie FF<br \/>\n<br \/>&#8211; Col rond<br \/>\n<br \/>&#8211; Bretelles fines<br \/>\n<br \/>&#8211; Bords contrast\u00e9s<br \/>\n<br \/>&#8211; Coupe slim<br \/>\n<br \/>&#8211; Laine m\u00e9rinos : respirante et thermor\u00e9gulatrice, elle peut \u00eatre port\u00e9e \u00e9t\u00e9 comme hiver<\/p>\n","protected":false},"excerpt":{"rendered":"<p>Inspiration marini\u00e8re pour ce top d\u00e9bardeur orn\u00e9 de rayures et d\u2019une broderie &#8220;FF&#8221;. Confectionn\u00e9 en laine m\u00e9rinos 4 fils, il d\u00e9voile un col rond, des bretelles fines et des bords contrast\u00e9s. Associez-le au short coordonn\u00e9 pour un ensemble d\u00e9contract\u00e9. &#8211; Top d\u00e9bardeur marini\u00e8re en laine m\u00e9rinos 4 fils Femme &#8211; Imprim\u00e9 rayures &#8211; Broderie FF [&hellip;]<\/p>\n","protected":false},"featured_media":1325983,"comment_status":"open","ping_status":"closed","template":"","meta":[],"product_brand":[6868],"product_cat":[1756,1762],"product_tag":[2244],"acf":[],"_links":{"self":[{"href":"https:\/\/streetmarkets.fr\/app\/wp-json\/wp\/v2\/product\/1325982"}],"collection":[{"href":"https:\/\/streetmarkets.fr\/app\/wp-json\/wp\/v2\/product"}],"about":[{"href":"https:\/\/streetmarkets.fr\/app\/wp-json\/wp\/v2\/types\/product"}],"replies":[{"embeddable":true,"href":"https:\/\/streetmarkets.fr\/app\/wp-json\/wp\/v2\/comments?post=1325982"}],"wp:featuredmedia":[{"embeddable":true,"href":"https:\/\/streetmarkets.fr\/app\/wp-json\/wp\/v2\/media\/1325983"}],"wp:attachment":[{"href":"https:\/\/streetmarkets.fr\/app\/wp-json\/wp\/v2\/media?parent=1325982"}],"wp:term":[{"taxonomy":"product_brand","embeddable":true,"href":"https:\/\/streetmarkets.fr\/app\/wp-json\/wp\/v2\/product_brand?post=1325982"},{"taxonomy":"product_cat","embeddable":true,"href":"https:\/\/streetmarkets.fr\/app\/wp-json\/wp\/v2\/product_cat?post=1325982"},{"taxonomy":"product_tag","embeddable":true,"href":"https:\/\/streetmarkets.fr\/app\/wp-json\/wp\/v2\/product_tag?post=1325982"}],"curies":[{"name":"wp","href":"https:\/\/api.w.org\/{rel}","templated":true}]}}