{"id":1325959,"date":"2025-02-08T01:11:36","date_gmt":"2025-02-08T00:11:36","guid":{"rendered":"https:\/\/streetmarkets.fr\/app\/produit\/pull-cardigan-bijoux-s25-femme-baby-blue\/"},"modified":"2025-10-02T01:58:41","modified_gmt":"2025-10-01T23:58:41","slug":"pull-cardigan-bijoux-s25-femme-baby-blue","status":"publish","type":"product","link":"https:\/\/streetmarkets.fr\/app\/produit\/pull-cardigan-bijoux-s25-femme-baby-blue\/","title":{"rendered":"Pull Cardigan Bijoux (S25 \/ FEMME \/ Baby Blue)"},"content":{"rendered":"<p>Boutons bijoux et jeu de torsades : ce pull cardigan court en cachemire 2 fils r\u00e9chauffe votre allure avec style. Avec un col rond, des manches longues et des bords c\u00f4tel\u00e9s, il se porte seul ou en superposition.<\/p>\n<p>&#8211; Pull cardigan court en cachemire 2 fils certifi\u00e9 GCS\u00ae Femme<br \/>\n<br \/>&#8211; Torsades<br \/>\n<br \/>&#8211; Fermeture \u00e0 boutons bijoux<br \/>\n<br \/>&#8211; Col rond<br \/>\n<br \/>&#8211; Manches longues<br \/>\n<br \/>&#8211; Bords c\u00f4tel\u00e9s<br \/>\n<br \/>&#8211; Coupe regular<br \/>\n<br \/>&#8211; Le Good Cashmere Standard\u00ae (GCS) est une norme ind\u00e9pendante pour un cachemire plus durable et plus responsable. Il vise \u00e0 am\u00e9liorer le bien-\u00eatre des ch\u00e8vres cachemire, les conditions de travail des \u00e9leveurs ainsi qu&#8217;\u00e0 prot\u00e9ger l&#8217;environnement.<\/p>\n","protected":false},"excerpt":{"rendered":"<p>Boutons bijoux et jeu de torsades : ce pull cardigan court en cachemire 2 fils r\u00e9chauffe votre allure avec style. Avec un col rond, des manches longues et des bords c\u00f4tel\u00e9s, il se porte seul ou en superposition. &#8211; Pull cardigan court en cachemire 2 fils certifi\u00e9 GCS\u00ae Femme &#8211; Torsades &#8211; Fermeture \u00e0 boutons [&hellip;]<\/p>\n","protected":false},"featured_media":1325960,"comment_status":"open","ping_status":"closed","template":"","meta":[],"product_brand":[6868],"product_cat":[1756,1762],"product_tag":[2244],"acf":[],"_links":{"self":[{"href":"https:\/\/streetmarkets.fr\/app\/wp-json\/wp\/v2\/product\/1325959"}],"collection":[{"href":"https:\/\/streetmarkets.fr\/app\/wp-json\/wp\/v2\/product"}],"about":[{"href":"https:\/\/streetmarkets.fr\/app\/wp-json\/wp\/v2\/types\/product"}],"replies":[{"embeddable":true,"href":"https:\/\/streetmarkets.fr\/app\/wp-json\/wp\/v2\/comments?post=1325959"}],"wp:featuredmedia":[{"embeddable":true,"href":"https:\/\/streetmarkets.fr\/app\/wp-json\/wp\/v2\/media\/1325960"}],"wp:attachment":[{"href":"https:\/\/streetmarkets.fr\/app\/wp-json\/wp\/v2\/media?parent=1325959"}],"wp:term":[{"taxonomy":"product_brand","embeddable":true,"href":"https:\/\/streetmarkets.fr\/app\/wp-json\/wp\/v2\/product_brand?post=1325959"},{"taxonomy":"product_cat","embeddable":true,"href":"https:\/\/streetmarkets.fr\/app\/wp-json\/wp\/v2\/product_cat?post=1325959"},{"taxonomy":"product_tag","embeddable":true,"href":"https:\/\/streetmarkets.fr\/app\/wp-json\/wp\/v2\/product_tag?post=1325959"}],"curies":[{"name":"wp","href":"https:\/\/api.w.org\/{rel}","templated":true}]}}