{"id":1325947,"date":"2025-02-08T01:11:35","date_gmt":"2025-02-08T00:11:35","guid":{"rendered":"https:\/\/streetmarkets.fr\/app\/produit\/pull-col-v-s25-femme-gris-chine-fonce\/"},"modified":"2025-10-02T01:58:41","modified_gmt":"2025-10-01T23:58:41","slug":"pull-col-v-s25-femme-gris-chine-fonce","status":"publish","type":"product","link":"https:\/\/streetmarkets.fr\/app\/produit\/pull-col-v-s25-femme-gris-chine-fonce\/","title":{"rendered":"Pull Col V (S25 \/ FEMME \/ Gris Chin\u00e9 Fonc\u00e9)"},"content":{"rendered":"<p>Ce pull conf\u00e8re une allure structur\u00e9e avec un d\u00e9collet\u00e9 en V et des tresses bicolores le long des manches. Confectionn\u00e9 en cachemire 2 fils, il d\u00e9voile une coupe courte et ajust\u00e9e par des bords c\u00f4tel\u00e9s. Associez-le \u00e0 un jean ample ou un pantalon de tailleur pour un look chic et casual.<\/p>\n<p>&#8211; Pull court en cachemire 2 fils certifi\u00e9 GCS\u00ae Femme<br \/>\n<br \/>&#8211; Tresses bicolores<br \/>\n<br \/>&#8211; Col V<br \/>\n<br \/>&#8211; Manches longues<br \/>\n<br \/>&#8211; Bords c\u00f4tel\u00e9s<br \/>\n<br \/>&#8211; Coupe regular<br \/>\n<br \/>&#8211; Le Good Cashmere Standard\u00ae (GCS) est une norme ind\u00e9pendante pour un cachemire plus durable et plus responsable. Il vise \u00e0 am\u00e9liorer le bien-\u00eatre des ch\u00e8vres cachemire, les conditions de travail des \u00e9leveurs ainsi qu&#8217;\u00e0 prot\u00e9ger l&#8217;environnement.<\/p>\n","protected":false},"excerpt":{"rendered":"<p>Ce pull conf\u00e8re une allure structur\u00e9e avec un d\u00e9collet\u00e9 en V et des tresses bicolores le long des manches. Confectionn\u00e9 en cachemire 2 fils, il d\u00e9voile une coupe courte et ajust\u00e9e par des bords c\u00f4tel\u00e9s. Associez-le \u00e0 un jean ample ou un pantalon de tailleur pour un look chic et casual. &#8211; Pull court en [&hellip;]<\/p>\n","protected":false},"featured_media":1325948,"comment_status":"open","ping_status":"closed","template":"","meta":[],"product_brand":[6868],"product_cat":[1756,1762],"product_tag":[2244],"acf":[],"_links":{"self":[{"href":"https:\/\/streetmarkets.fr\/app\/wp-json\/wp\/v2\/product\/1325947"}],"collection":[{"href":"https:\/\/streetmarkets.fr\/app\/wp-json\/wp\/v2\/product"}],"about":[{"href":"https:\/\/streetmarkets.fr\/app\/wp-json\/wp\/v2\/types\/product"}],"replies":[{"embeddable":true,"href":"https:\/\/streetmarkets.fr\/app\/wp-json\/wp\/v2\/comments?post=1325947"}],"wp:featuredmedia":[{"embeddable":true,"href":"https:\/\/streetmarkets.fr\/app\/wp-json\/wp\/v2\/media\/1325948"}],"wp:attachment":[{"href":"https:\/\/streetmarkets.fr\/app\/wp-json\/wp\/v2\/media?parent=1325947"}],"wp:term":[{"taxonomy":"product_brand","embeddable":true,"href":"https:\/\/streetmarkets.fr\/app\/wp-json\/wp\/v2\/product_brand?post=1325947"},{"taxonomy":"product_cat","embeddable":true,"href":"https:\/\/streetmarkets.fr\/app\/wp-json\/wp\/v2\/product_cat?post=1325947"},{"taxonomy":"product_tag","embeddable":true,"href":"https:\/\/streetmarkets.fr\/app\/wp-json\/wp\/v2\/product_tag?post=1325947"}],"curies":[{"name":"wp","href":"https:\/\/api.w.org\/{rel}","templated":true}]}}