{"id":1325902,"date":"2025-02-08T01:11:31","date_gmt":"2025-02-08T00:11:31","guid":{"rendered":"https:\/\/streetmarkets.fr\/app\/produit\/pull-col-rond-future-s25-femme-sable\/"},"modified":"2025-08-16T01:49:04","modified_gmt":"2025-08-15T23:49:04","slug":"pull-col-rond-future-s25-femme-sable","status":"publish","type":"product","link":"https:\/\/streetmarkets.fr\/app\/produit\/pull-col-rond-future-s25-femme-sable\/","title":{"rendered":"Pull Col Rond Future (S25 \/ FEMME \/ Sable)"},"content":{"rendered":"<p>Rejoignez le Club avec ce pull long et oversize, confectionn\u00e9 en cachemire 2 fils. Avec un col rond et des manches longues, il d\u00e9voile une signature contrast\u00e9e &#8220;Future&#8221; \u00e0 l&#8217;avant. Une pi\u00e8ce signature \u00e0 mixer avec tous les styles.<\/p>\n<p>&#8211; Pull long en cachemire 2 fils certifi\u00e9 GCS\u00ae Femme<br \/>\n<br \/>&#8211; Inscription &#8220;Future&#8221; contrast\u00e9e<br \/>\n<br \/>&#8211; Col rond<br \/>\n<br \/>&#8211; Manches longues<br \/>\n<br \/>&#8211; Bords c\u00f4tel\u00e9s<br \/>\n<br \/>&#8211; Coupe oversize<br \/>\n<br \/>&#8211; Le Good Cashmere Standard\u00ae (GCS) est une norme ind\u00e9pendante pour un cachemire plus durable et plus responsable. Il vise \u00e0 am\u00e9liorer le bien-\u00eatre des ch\u00e8vres cachemire, les conditions de travail des \u00e9leveurs ainsi qu&#8217;\u00e0 prot\u00e9ger l&#8217;environnement.<\/p>\n","protected":false},"excerpt":{"rendered":"<p>Rejoignez le Club avec ce pull long et oversize, confectionn\u00e9 en cachemire 2 fils. Avec un col rond et des manches longues, il d\u00e9voile une signature contrast\u00e9e &#8220;Future&#8221; \u00e0 l&#8217;avant. Une pi\u00e8ce signature \u00e0 mixer avec tous les styles. &#8211; Pull long en cachemire 2 fils certifi\u00e9 GCS\u00ae Femme &#8211; Inscription &#8220;Future&#8221; contrast\u00e9e &#8211; Col [&hellip;]<\/p>\n","protected":false},"featured_media":1325903,"comment_status":"open","ping_status":"closed","template":"","meta":[],"product_brand":[6868],"product_cat":[1756,1762],"product_tag":[2244],"acf":[],"_links":{"self":[{"href":"https:\/\/streetmarkets.fr\/app\/wp-json\/wp\/v2\/product\/1325902"}],"collection":[{"href":"https:\/\/streetmarkets.fr\/app\/wp-json\/wp\/v2\/product"}],"about":[{"href":"https:\/\/streetmarkets.fr\/app\/wp-json\/wp\/v2\/types\/product"}],"replies":[{"embeddable":true,"href":"https:\/\/streetmarkets.fr\/app\/wp-json\/wp\/v2\/comments?post=1325902"}],"wp:featuredmedia":[{"embeddable":true,"href":"https:\/\/streetmarkets.fr\/app\/wp-json\/wp\/v2\/media\/1325903"}],"wp:attachment":[{"href":"https:\/\/streetmarkets.fr\/app\/wp-json\/wp\/v2\/media?parent=1325902"}],"wp:term":[{"taxonomy":"product_brand","embeddable":true,"href":"https:\/\/streetmarkets.fr\/app\/wp-json\/wp\/v2\/product_brand?post=1325902"},{"taxonomy":"product_cat","embeddable":true,"href":"https:\/\/streetmarkets.fr\/app\/wp-json\/wp\/v2\/product_cat?post=1325902"},{"taxonomy":"product_tag","embeddable":true,"href":"https:\/\/streetmarkets.fr\/app\/wp-json\/wp\/v2\/product_tag?post=1325902"}],"curies":[{"name":"wp","href":"https:\/\/api.w.org\/{rel}","templated":true}]}}