{"id":1325851,"date":"2025-02-08T01:11:27","date_gmt":"2025-02-08T00:11:27","guid":{"rendered":"https:\/\/streetmarkets.fr\/app\/produit\/pull-gilet-ensemble-s25-femme-beige-chine\/"},"modified":"2025-07-28T01:50:27","modified_gmt":"2025-07-27T23:50:27","slug":"pull-gilet-ensemble-s25-femme-beige-chine","status":"publish","type":"product","link":"https:\/\/streetmarkets.fr\/app\/produit\/pull-gilet-ensemble-s25-femme-beige-chine\/","title":{"rendered":"Pull Gilet (S25 \/ FEMME \/ Beige Chin\u00e9)"},"content":{"rendered":"<p>Enveloppez-vous de douceur dans ce pull gilet zipp\u00e9, \u00e0 col large et oversize. Confectionn\u00e9 en cachemire 4 fils, il est muni de manches longues et de bords c\u00f4tel\u00e9s. Optez pour le total look avec le top coordonn\u00e9.<\/p>\n<p>&#8211; Pull gilet court en cachemire 4 fils certifi\u00e9 GCS\u00ae Femme<br \/>\n<br \/>&#8211; Col large oversize zipp\u00e9<br \/>\n<br \/>&#8211; Fermeture zipp\u00e9e<br \/>\n<br \/>&#8211; Manches longues<br \/>\n<br \/>&#8211; Bords c\u00f4tel\u00e9s<br \/>\n<br \/>&#8211; Coupe regular<br \/>\n<br \/>&#8211; Le Good Cashmere Standard\u00ae (GCS) est une norme ind\u00e9pendante pour un cachemire plus durable et plus responsable. Il vise \u00e0 am\u00e9liorer le bien-\u00eatre des ch\u00e8vres cachemire, les conditions de travail des \u00e9leveurs ainsi qu&#8217;\u00e0 prot\u00e9ger l&#8217;environnement.<\/p>\n","protected":false},"excerpt":{"rendered":"<p>Enveloppez-vous de douceur dans ce pull gilet zipp\u00e9, \u00e0 col large et oversize. Confectionn\u00e9 en cachemire 4 fils, il est muni de manches longues et de bords c\u00f4tel\u00e9s. Optez pour le total look avec le top coordonn\u00e9. &#8211; Pull gilet court en cachemire 4 fils certifi\u00e9 GCS\u00ae Femme &#8211; Col large oversize zipp\u00e9 &#8211; Fermeture [&hellip;]<\/p>\n","protected":false},"featured_media":1325852,"comment_status":"open","ping_status":"closed","template":"","meta":[],"product_brand":[6868],"product_cat":[1756,1762],"product_tag":[2244],"acf":[],"_links":{"self":[{"href":"https:\/\/streetmarkets.fr\/app\/wp-json\/wp\/v2\/product\/1325851"}],"collection":[{"href":"https:\/\/streetmarkets.fr\/app\/wp-json\/wp\/v2\/product"}],"about":[{"href":"https:\/\/streetmarkets.fr\/app\/wp-json\/wp\/v2\/types\/product"}],"replies":[{"embeddable":true,"href":"https:\/\/streetmarkets.fr\/app\/wp-json\/wp\/v2\/comments?post=1325851"}],"wp:featuredmedia":[{"embeddable":true,"href":"https:\/\/streetmarkets.fr\/app\/wp-json\/wp\/v2\/media\/1325852"}],"wp:attachment":[{"href":"https:\/\/streetmarkets.fr\/app\/wp-json\/wp\/v2\/media?parent=1325851"}],"wp:term":[{"taxonomy":"product_brand","embeddable":true,"href":"https:\/\/streetmarkets.fr\/app\/wp-json\/wp\/v2\/product_brand?post=1325851"},{"taxonomy":"product_cat","embeddable":true,"href":"https:\/\/streetmarkets.fr\/app\/wp-json\/wp\/v2\/product_cat?post=1325851"},{"taxonomy":"product_tag","embeddable":true,"href":"https:\/\/streetmarkets.fr\/app\/wp-json\/wp\/v2\/product_tag?post=1325851"}],"curies":[{"name":"wp","href":"https:\/\/api.w.org\/{rel}","templated":true}]}}