{"id":1325787,"date":"2025-02-08T01:10:57","date_gmt":"2025-02-08T00:10:57","guid":{"rendered":"https:\/\/streetmarkets.fr\/app\/produit\/pull-col-rond-oversize-s25-femme-fantasy-pnk-mln\/"},"modified":"2025-10-02T01:59:26","modified_gmt":"2025-10-01T23:59:26","slug":"pull-col-rond-oversize-s25-femme-fantasy-pnk-mln","status":"publish","type":"product","link":"https:\/\/streetmarkets.fr\/app\/produit\/pull-col-rond-oversize-s25-femme-fantasy-pnk-mln\/","title":{"rendered":"Pull Col Rond Oversize (S25 \/ FEMME \/ Fantasy Pnk Mln)"},"content":{"rendered":"<p>Ce pull se distingue par une maille moulin\u00e9e confectionn\u00e9e en cachemire 4 fils. Avec un col rond et des manches longues, il d\u00e9voile une coupe oversize d\u00e9contract\u00e9e. Compl\u00e9tez votre look avec un pantalon droit ou une jupe fluide.<\/p>\n<p>&#8211; Pull en cachemire 4 fils certifi\u00e9 GCS\u00ae Femme <br \/>&#8211; Maille moulin\u00e9e <br \/>&#8211; Col rond <br \/>&#8211; Manches longues <br \/>&#8211; Bords c\u00f4tel\u00e9s <br \/>&#8211; Coupe oversize <br \/>&#8211; The Good Cashmere Standard\u00ae (GCS) is an independent standard for sustainable cashmere, that aims to improve the welfare of cashmere goats, the working conditions of farmers and to protect the environment.<\/p>\n","protected":false},"excerpt":{"rendered":"<p>Ce pull se distingue par une maille moulin\u00e9e confectionn\u00e9e en cachemire 4 fils. Avec un col rond et des manches longues, il d\u00e9voile une coupe oversize d\u00e9contract\u00e9e. Compl\u00e9tez votre look avec un pantalon droit ou une jupe fluide. &#8211; Pull en cachemire 4 fils certifi\u00e9 GCS\u00ae Femme &#8211; Maille moulin\u00e9e &#8211; Col rond &#8211; Manches [&hellip;]<\/p>\n","protected":false},"featured_media":1325788,"comment_status":"open","ping_status":"closed","template":"","meta":[],"product_brand":[6868],"product_cat":[1756,1762],"product_tag":[2244],"acf":[],"_links":{"self":[{"href":"https:\/\/streetmarkets.fr\/app\/wp-json\/wp\/v2\/product\/1325787"}],"collection":[{"href":"https:\/\/streetmarkets.fr\/app\/wp-json\/wp\/v2\/product"}],"about":[{"href":"https:\/\/streetmarkets.fr\/app\/wp-json\/wp\/v2\/types\/product"}],"replies":[{"embeddable":true,"href":"https:\/\/streetmarkets.fr\/app\/wp-json\/wp\/v2\/comments?post=1325787"}],"wp:featuredmedia":[{"embeddable":true,"href":"https:\/\/streetmarkets.fr\/app\/wp-json\/wp\/v2\/media\/1325788"}],"wp:attachment":[{"href":"https:\/\/streetmarkets.fr\/app\/wp-json\/wp\/v2\/media?parent=1325787"}],"wp:term":[{"taxonomy":"product_brand","embeddable":true,"href":"https:\/\/streetmarkets.fr\/app\/wp-json\/wp\/v2\/product_brand?post=1325787"},{"taxonomy":"product_cat","embeddable":true,"href":"https:\/\/streetmarkets.fr\/app\/wp-json\/wp\/v2\/product_cat?post=1325787"},{"taxonomy":"product_tag","embeddable":true,"href":"https:\/\/streetmarkets.fr\/app\/wp-json\/wp\/v2\/product_tag?post=1325787"}],"curies":[{"name":"wp","href":"https:\/\/api.w.org\/{rel}","templated":true}]}}