{"id":1297373,"date":"2025-02-04T00:39:21","date_gmt":"2025-02-03T23:39:21","guid":{"rendered":"https:\/\/streetmarkets.fr\/app\/produit\/livre-issey-miyake\/"},"modified":"2026-05-08T01:39:29","modified_gmt":"2026-05-07T23:39:29","slug":"livre-issey-miyake","status":"publish","type":"product","link":"https:\/\/streetmarkets.fr\/app\/produit\/livre-issey-miyake\/","title":{"rendered":"LIVRE ISSEY MIYAKE"},"content":{"rendered":"<p>LIVRE ISSEY MIYAKE PAR MARC HOLBORN \u00c9DITIONS TASCHEN<\/p>\n<p>LANGUES : ANGLAIS\/ALLEMAND\/FRAN\u00c7AIS<\/p>\n<p>CONDITIONS : TR\u00c8S BON \u00c9TAT G\u00c9N\u00c9RAL (COUVERTURE L\u00c9G\u00c8REMENT ABIM\u00c9ES)<\/p>\n","protected":false},"excerpt":{"rendered":"<p>LIVRE ISSEY MIYAKE PAR MARC HOLBORN \u00c9DITIONS TASCHEN LANGUES : ANGLAIS\/ALLEMAND\/FRAN\u00c7AIS CONDITIONS : TR\u00c8S BON \u00c9TAT G\u00c9N\u00c9RAL (COUVERTURE L\u00c9G\u00c8REMENT ABIM\u00c9ES)<\/p>\n","protected":false},"featured_media":1297374,"comment_status":"open","ping_status":"closed","template":"","meta":[],"product_brand":[],"product_cat":[1756,1760],"product_tag":[2122],"acf":[],"_links":{"self":[{"href":"https:\/\/streetmarkets.fr\/app\/wp-json\/wp\/v2\/product\/1297373"}],"collection":[{"href":"https:\/\/streetmarkets.fr\/app\/wp-json\/wp\/v2\/product"}],"about":[{"href":"https:\/\/streetmarkets.fr\/app\/wp-json\/wp\/v2\/types\/product"}],"replies":[{"embeddable":true,"href":"https:\/\/streetmarkets.fr\/app\/wp-json\/wp\/v2\/comments?post=1297373"}],"wp:featuredmedia":[{"embeddable":true,"href":"https:\/\/streetmarkets.fr\/app\/wp-json\/wp\/v2\/media\/1297374"}],"wp:attachment":[{"href":"https:\/\/streetmarkets.fr\/app\/wp-json\/wp\/v2\/media?parent=1297373"}],"wp:term":[{"taxonomy":"product_brand","embeddable":true,"href":"https:\/\/streetmarkets.fr\/app\/wp-json\/wp\/v2\/product_brand?post=1297373"},{"taxonomy":"product_cat","embeddable":true,"href":"https:\/\/streetmarkets.fr\/app\/wp-json\/wp\/v2\/product_cat?post=1297373"},{"taxonomy":"product_tag","embeddable":true,"href":"https:\/\/streetmarkets.fr\/app\/wp-json\/wp\/v2\/product_tag?post=1297373"}],"curies":[{"name":"wp","href":"https:\/\/api.w.org\/{rel}","templated":true}]}}