{"id":1296568,"date":"2025-02-03T05:48:43","date_gmt":"2025-02-03T04:48:43","guid":{"rendered":"https:\/\/streetmarkets.fr\/app\/produit\/bougie-walden\/"},"modified":"2026-03-16T05:45:18","modified_gmt":"2026-03-16T04:45:18","slug":"bougie-walden","status":"publish","type":"product","link":"https:\/\/streetmarkets.fr\/app\/produit\/bougie-walden\/","title":{"rendered":"Bougie &#8220;Walden&#8221;"},"content":{"rendered":"<p>Impr\u00e9gnez votre int\u00e9rieur de la s\u00e9r\u00e9nit\u00e9 et de la simplicit\u00e9 de la nature avec la <strong>bougie &#8220;Walden&#8221;<\/strong> de <strong>Jardins d\u2019\u00c9crivains<\/strong>, inspir\u00e9e par l\u2019\u0153uvre embl\u00e9matique d\u2019<strong>Henry David Thoreau<\/strong>. Cette bougie invite \u00e0 la tranquillit\u00e9 et \u00e0 l\u2019harmonie, en capturant l\u2019esprit du c\u00e9l\u00e8bre refuge au bord du lac Walden.<\/p>\n<p>Son parfum frais et bois\u00e9 m\u00eale des <strong>notes de mousse, de sous-bois et de feuilles humides<\/strong>, cr\u00e9ant une atmosph\u00e8re apaisante et ressour\u00e7ante. Allum\u00e9e, elle transforme votre espace en un sanctuaire naturel, parfait pour la m\u00e9ditation, la lecture ou un simple moment de paix int\u00e9rieure.<\/p>\n<p>Fabriqu\u00e9e en <strong>cire v\u00e9g\u00e9tale<\/strong> avec une <strong>m\u00e8che en coton<\/strong>, la bougie <strong>&#8220;Walden&#8221;<\/strong> offre une combustion propre et longue dur\u00e9e, id\u00e9ale pour ceux qui recherchent l\u2019authenticit\u00e9 et l\u2019\u00e9vasion dans le confort de leur foyer.<\/p>\n<p>\ud83d\udccd <strong>Disponible en boutique Harold, Paris.<\/strong><\/p>\n","protected":false},"excerpt":{"rendered":"<p>Impr\u00e9gnez votre int\u00e9rieur de la s\u00e9r\u00e9nit\u00e9 et de la simplicit\u00e9 de la nature avec la bougie &#8220;Walden&#8221; de Jardins d\u2019\u00c9crivains, inspir\u00e9e par l\u2019\u0153uvre embl\u00e9matique d\u2019Henry David Thoreau. Cette bougie invite \u00e0 la tranquillit\u00e9 et \u00e0 l\u2019harmonie, en capturant l\u2019esprit du c\u00e9l\u00e8bre refuge au bord du lac Walden. Son parfum frais et bois\u00e9 m\u00eale des notes [&hellip;]<\/p>\n","protected":false},"featured_media":1296569,"comment_status":"open","ping_status":"closed","template":"","meta":[],"product_brand":[],"product_cat":[1756,1760],"product_tag":[2244],"acf":[],"_links":{"self":[{"href":"https:\/\/streetmarkets.fr\/app\/wp-json\/wp\/v2\/product\/1296568"}],"collection":[{"href":"https:\/\/streetmarkets.fr\/app\/wp-json\/wp\/v2\/product"}],"about":[{"href":"https:\/\/streetmarkets.fr\/app\/wp-json\/wp\/v2\/types\/product"}],"replies":[{"embeddable":true,"href":"https:\/\/streetmarkets.fr\/app\/wp-json\/wp\/v2\/comments?post=1296568"}],"wp:featuredmedia":[{"embeddable":true,"href":"https:\/\/streetmarkets.fr\/app\/wp-json\/wp\/v2\/media\/1296569"}],"wp:attachment":[{"href":"https:\/\/streetmarkets.fr\/app\/wp-json\/wp\/v2\/media?parent=1296568"}],"wp:term":[{"taxonomy":"product_brand","embeddable":true,"href":"https:\/\/streetmarkets.fr\/app\/wp-json\/wp\/v2\/product_brand?post=1296568"},{"taxonomy":"product_cat","embeddable":true,"href":"https:\/\/streetmarkets.fr\/app\/wp-json\/wp\/v2\/product_cat?post=1296568"},{"taxonomy":"product_tag","embeddable":true,"href":"https:\/\/streetmarkets.fr\/app\/wp-json\/wp\/v2\/product_tag?post=1296568"}],"curies":[{"name":"wp","href":"https:\/\/api.w.org\/{rel}","templated":true}]}}