{"id":1296548,"date":"2025-02-03T05:48:23","date_gmt":"2025-02-03T04:48:23","guid":{"rendered":"https:\/\/streetmarkets.fr\/app\/produit\/interior-spray-zweig\/"},"modified":"2026-03-16T05:45:17","modified_gmt":"2026-03-16T04:45:17","slug":"interior-spray-zweig","status":"publish","type":"product","link":"https:\/\/streetmarkets.fr\/app\/produit\/interior-spray-zweig\/","title":{"rendered":"Parfum d&#8217;Int\u00e9rieur &#8220;Zweig&#8221;"},"content":{"rendered":"<p>Offrez \u00e0 votre int\u00e9rieur une ambiance raffin\u00e9e avec le <strong>Parfum d&#8217;Int\u00e9rieur\u00a0&#8220;Zweig&#8221;<\/strong> de <strong>Jardins d\u2019\u00c9crivains<\/strong>. Inspir\u00e9 par l\u2019univers \u00e9l\u00e9gant et m\u00e9lancolique de <strong>Stefan Zweig<\/strong>, ce parfum d\u2019ambiance d\u00e9voile une composition subtile et sophistiqu\u00e9e, id\u00e9ale pour cr\u00e9er une atmosph\u00e8re feutr\u00e9e et inspirante.<\/p>\n<p>Ses notes d\u00e9licates et enveloppantes \u00e9voquent les salons litt\u00e9raires viennois du d\u00e9but du XXe si\u00e8cle, entre boiseries nobles, papiers anciens et volutes de th\u00e9 fumant. Une vaporisation suffit \u00e0 transformer instantan\u00e9ment votre espace en un refuge propice \u00e0 la r\u00e9flexion et \u00e0 l\u2019\u00e9vasion.<\/p>\n<p>\u00c9l\u00e9gamment pr\u00e9sent\u00e9, le Parfum d&#8217;Int\u00e9rieur <strong>&#8220;Zweig&#8221;<\/strong> s\u2019int\u00e8gre parfaitement dans un int\u00e9rieur masculin et raffin\u00e9, en accord avec l\u2019univers intemporel de <strong>Harold Paris<\/strong>. Un incontournable pour ceux qui appr\u00e9cient les senteurs litt\u00e9raires et sophistiqu\u00e9es.<\/p>\n<p>\ud83d\udccd <strong>Disponible en boutique Harold, Paris.<\/strong><\/p>\n","protected":false},"excerpt":{"rendered":"<p>Offrez \u00e0 votre int\u00e9rieur une ambiance raffin\u00e9e avec le Parfum d&#8217;Int\u00e9rieur\u00a0&#8220;Zweig&#8221; de Jardins d\u2019\u00c9crivains. Inspir\u00e9 par l\u2019univers \u00e9l\u00e9gant et m\u00e9lancolique de Stefan Zweig, ce parfum d\u2019ambiance d\u00e9voile une composition subtile et sophistiqu\u00e9e, id\u00e9ale pour cr\u00e9er une atmosph\u00e8re feutr\u00e9e et inspirante. Ses notes d\u00e9licates et enveloppantes \u00e9voquent les salons litt\u00e9raires viennois du d\u00e9but du XXe si\u00e8cle, [&hellip;]<\/p>\n","protected":false},"featured_media":1296549,"comment_status":"open","ping_status":"closed","template":"","meta":[],"product_brand":[],"product_cat":[1756,1760],"product_tag":[2244],"acf":[],"_links":{"self":[{"href":"https:\/\/streetmarkets.fr\/app\/wp-json\/wp\/v2\/product\/1296548"}],"collection":[{"href":"https:\/\/streetmarkets.fr\/app\/wp-json\/wp\/v2\/product"}],"about":[{"href":"https:\/\/streetmarkets.fr\/app\/wp-json\/wp\/v2\/types\/product"}],"replies":[{"embeddable":true,"href":"https:\/\/streetmarkets.fr\/app\/wp-json\/wp\/v2\/comments?post=1296548"}],"wp:featuredmedia":[{"embeddable":true,"href":"https:\/\/streetmarkets.fr\/app\/wp-json\/wp\/v2\/media\/1296549"}],"wp:attachment":[{"href":"https:\/\/streetmarkets.fr\/app\/wp-json\/wp\/v2\/media?parent=1296548"}],"wp:term":[{"taxonomy":"product_brand","embeddable":true,"href":"https:\/\/streetmarkets.fr\/app\/wp-json\/wp\/v2\/product_brand?post=1296548"},{"taxonomy":"product_cat","embeddable":true,"href":"https:\/\/streetmarkets.fr\/app\/wp-json\/wp\/v2\/product_cat?post=1296548"},{"taxonomy":"product_tag","embeddable":true,"href":"https:\/\/streetmarkets.fr\/app\/wp-json\/wp\/v2\/product_tag?post=1296548"}],"curies":[{"name":"wp","href":"https:\/\/api.w.org\/{rel}","templated":true}]}}