{"id":1296521,"date":"2025-02-03T05:48:21","date_gmt":"2025-02-03T04:48:21","guid":{"rendered":"https:\/\/streetmarkets.fr\/app\/produit\/johnny-ss-shirt\/"},"modified":"2026-03-16T05:45:17","modified_gmt":"2026-03-16T04:45:17","slug":"johnny-ss-shirt","status":"publish","type":"product","link":"https:\/\/streetmarkets.fr\/app\/produit\/johnny-ss-shirt\/","title":{"rendered":"Johnny SS Shirt"},"content":{"rendered":"<p><!--td {border: 1px solid #cccccc;}br {mso-data-placement:same-cell;}--><\/p>\n<p><span data-sheets-root=\"1\" data-sheets-value=\"{&quot;1&quot;:2,&quot;2&quot;:&quot;Plongez dans l'\u00e9t\u00e9 avec la chemise Johnny SS Shirt de RHYTHM, une pi\u00e8ce \u00e9l\u00e9gante et raffin\u00e9e con\u00e7ue pour les journ\u00e9es ensoleill\u00e9es. Fabriqu\u00e9e dans un nouveau m\u00e9lange de lin et de rayonne plus lourd, cette chemise offre une sensation de qualit\u00e9 et de confort sup\u00e9rieurs. \\n\\nDot\u00e9e d'un motif saisonnier plac\u00e9 avec soin, elle ajoute une touche de style distinctif \u00e0 votre garde-robe estivale. Son ourlet droit et sa coupe cubaine lui conf\u00e8rent une allure moderne et sophistiqu\u00e9e, parfaite pour toutes les occasions estivales, que ce soit pour une journ\u00e9e d\u00e9contract\u00e9e en ville ou une soir\u00e9e entre amis. Polyvalente et \u00e9l\u00e9gante, la chemise Johnny SS incarne le style et le raffinement de RHYTHM, faisant d'elle un choix incontournable pour votre garde-robe estivale.&quot;}\" data-sheets-userformat='{\"2\":897,\"3\":{\"1\":0},\"10\":1,\"11\":4,\"12\":0}'>Plongez dans l&#8217;\u00e9t\u00e9 avec la chemise <strong>Johnny SS Shirt<\/strong> de <strong>Rhythm<\/strong>, une pi\u00e8ce \u00e9l\u00e9gante con\u00e7ue pour les journ\u00e9es ensoleill\u00e9es. Fabriqu\u00e9e dans un nouveau m\u00e9lange de lin et de rayonne plus lourd, cette chemise offre une sensation de qualit\u00e9 et de confort.\u00a0<\/p>\n<p>Dot\u00e9e d&#8217;un motif saisonnier plac\u00e9 avec soin, elle ajoute une touche de style distinctif \u00e0 votre garde-robe estivale. Son ourlet droit et sa <strong>coupe cubaine<\/strong> lui conf\u00e8rent une allure moderne et sophistiqu\u00e9e, parfaite pour toutes les occasions estivales, que ce soit pour une journ\u00e9e d\u00e9contract\u00e9e en ville ou une soir\u00e9e entre amis. <\/span><\/p>\n<p><span data-sheets-root=\"1\" data-sheets-value=\"{&quot;1&quot;:2,&quot;2&quot;:&quot;Plongez dans l'\u00e9t\u00e9 avec la chemise Johnny SS Shirt de RHYTHM, une pi\u00e8ce \u00e9l\u00e9gante et raffin\u00e9e con\u00e7ue pour les journ\u00e9es ensoleill\u00e9es. Fabriqu\u00e9e dans un nouveau m\u00e9lange de lin et de rayonne plus lourd, cette chemise offre une sensation de qualit\u00e9 et de confort sup\u00e9rieurs. \\n\\nDot\u00e9e d'un motif saisonnier plac\u00e9 avec soin, elle ajoute une touche de style distinctif \u00e0 votre garde-robe estivale. Son ourlet droit et sa coupe cubaine lui conf\u00e8rent une allure moderne et sophistiqu\u00e9e, parfaite pour toutes les occasions estivales, que ce soit pour une journ\u00e9e d\u00e9contract\u00e9e en ville ou une soir\u00e9e entre amis. Polyvalente et \u00e9l\u00e9gante, la chemise Johnny SS incarne le style et le raffinement de RHYTHM, faisant d'elle un choix incontournable pour votre garde-robe estivale.&quot;}\" data-sheets-userformat='{\"2\":897,\"3\":{\"1\":0},\"10\":1,\"11\":4,\"12\":0}'>Polyvalente et \u00e9l\u00e9gante, la <strong>chemise<\/strong> <strong>Johnny SS<\/strong> incarne le style et le raffinement de<br \/>\n<strong>Rhythm<\/strong>, faisant d&#8217;elle un choix incontournable pour votre garde-robe estivale.<\/span><\/p>\n","protected":false},"excerpt":{"rendered":"<p>Plongez dans l&#8217;\u00e9t\u00e9 avec la chemise Johnny SS Shirt de Rhythm, une pi\u00e8ce \u00e9l\u00e9gante con\u00e7ue pour les journ\u00e9es ensoleill\u00e9es. Fabriqu\u00e9e dans un nouveau m\u00e9lange de lin et de rayonne plus lourd, cette chemise offre une sensation de qualit\u00e9 et de confort.\u00a0 Dot\u00e9e d&#8217;un motif saisonnier plac\u00e9 avec soin, elle ajoute une touche de style distinctif [&hellip;]<\/p>\n","protected":false},"featured_media":1296522,"comment_status":"open","ping_status":"closed","template":"","meta":[],"product_brand":[],"product_cat":[1756,1758],"product_tag":[2244],"acf":[],"_links":{"self":[{"href":"https:\/\/streetmarkets.fr\/app\/wp-json\/wp\/v2\/product\/1296521"}],"collection":[{"href":"https:\/\/streetmarkets.fr\/app\/wp-json\/wp\/v2\/product"}],"about":[{"href":"https:\/\/streetmarkets.fr\/app\/wp-json\/wp\/v2\/types\/product"}],"replies":[{"embeddable":true,"href":"https:\/\/streetmarkets.fr\/app\/wp-json\/wp\/v2\/comments?post=1296521"}],"wp:featuredmedia":[{"embeddable":true,"href":"https:\/\/streetmarkets.fr\/app\/wp-json\/wp\/v2\/media\/1296522"}],"wp:attachment":[{"href":"https:\/\/streetmarkets.fr\/app\/wp-json\/wp\/v2\/media?parent=1296521"}],"wp:term":[{"taxonomy":"product_brand","embeddable":true,"href":"https:\/\/streetmarkets.fr\/app\/wp-json\/wp\/v2\/product_brand?post=1296521"},{"taxonomy":"product_cat","embeddable":true,"href":"https:\/\/streetmarkets.fr\/app\/wp-json\/wp\/v2\/product_cat?post=1296521"},{"taxonomy":"product_tag","embeddable":true,"href":"https:\/\/streetmarkets.fr\/app\/wp-json\/wp\/v2\/product_tag?post=1296521"}],"curies":[{"name":"wp","href":"https:\/\/api.w.org\/{rel}","templated":true}]}}