{"id":1283354,"date":"2025-02-02T00:15:10","date_gmt":"2025-02-01T23:15:10","guid":{"rendered":"https:\/\/streetmarkets.fr\/app\/produit\/pack-de-3-chaussettes-femme-paillettes-pied-de-poule-marron\/"},"modified":"2025-11-24T00:16:19","modified_gmt":"2025-11-23T23:16:19","slug":"pack-de-3-chaussettes-femme-paillettes-pied-de-poule-marron","status":"publish","type":"product","link":"https:\/\/streetmarkets.fr\/app\/produit\/pack-de-3-chaussettes-femme-paillettes-pied-de-poule-marron\/","title":{"rendered":"Pack de 3 chaussettes femme : Paillettes\/pied de poule\/marron"},"content":{"rendered":"<p>Un trio malin pour varier les styles sans r\u00e9fl\u00e9chir. Ce pack de 3 chaussettes ODAJE (ex M.Moustache) r\u00e9unit une paire paillet\u00e9e pour briller, une paire au motif pied-de-poule chic et une paire unie marron facile \u00e0 assortir. Le r\u00e9sultat : des pieds au chaud et une touche styl\u00e9e en un geste.<br \/>\nLe m\u00e9lange de mati\u00e8res apporte souplesse et maintien, avec une bonne dose d\u2019\u00e9lasthanne pour l\u2019aisance tout au long de la journ\u00e9e. La paire \u00e0 motif contient du coton organique pour un toucher doux et confortable. Avec elles, on alterne entre look festif, graphique ou minimal, selon l\u2019humeur et les chaussures (baskets, mocassins, bottines\u2026).<br \/>\nC\u00f4t\u00e9 pratique, l\u2019entretien est simple et le pack en fait une id\u00e9e cadeau utile et s\u00fbre pour femme : on est certaine de viser juste.<\/p>\n","protected":false},"excerpt":{"rendered":"<p>Un trio malin pour varier les styles sans r\u00e9fl\u00e9chir. Ce pack de 3 chaussettes ODAJE (ex M.Moustache) r\u00e9unit une paire paillet\u00e9e pour briller, une paire au motif pied-de-poule chic et une paire unie marron facile \u00e0 assortir. Le r\u00e9sultat : des pieds au chaud et une touche styl\u00e9e en un geste. Le m\u00e9lange de mati\u00e8res [&hellip;]<\/p>\n","protected":false},"featured_media":1283355,"comment_status":"open","ping_status":"closed","template":"","meta":[],"product_brand":[],"product_cat":[1756,1764],"product_tag":[1810],"acf":[],"_links":{"self":[{"href":"https:\/\/streetmarkets.fr\/app\/wp-json\/wp\/v2\/product\/1283354"}],"collection":[{"href":"https:\/\/streetmarkets.fr\/app\/wp-json\/wp\/v2\/product"}],"about":[{"href":"https:\/\/streetmarkets.fr\/app\/wp-json\/wp\/v2\/types\/product"}],"replies":[{"embeddable":true,"href":"https:\/\/streetmarkets.fr\/app\/wp-json\/wp\/v2\/comments?post=1283354"}],"wp:featuredmedia":[{"embeddable":true,"href":"https:\/\/streetmarkets.fr\/app\/wp-json\/wp\/v2\/media\/1283355"}],"wp:attachment":[{"href":"https:\/\/streetmarkets.fr\/app\/wp-json\/wp\/v2\/media?parent=1283354"}],"wp:term":[{"taxonomy":"product_brand","embeddable":true,"href":"https:\/\/streetmarkets.fr\/app\/wp-json\/wp\/v2\/product_brand?post=1283354"},{"taxonomy":"product_cat","embeddable":true,"href":"https:\/\/streetmarkets.fr\/app\/wp-json\/wp\/v2\/product_cat?post=1283354"},{"taxonomy":"product_tag","embeddable":true,"href":"https:\/\/streetmarkets.fr\/app\/wp-json\/wp\/v2\/product_tag?post=1283354"}],"curies":[{"name":"wp","href":"https:\/\/api.w.org\/{rel}","templated":true}]}}