{"id":1268468,"date":"2025-01-30T05:47:57","date_gmt":"2025-01-30T04:47:57","guid":{"rendered":"https:\/\/streetmarkets.fr\/app\/produit\/regular-carlo-denim-ls-shirt\/"},"modified":"2026-03-16T05:44:53","modified_gmt":"2026-03-16T04:44:53","slug":"regular-carlo-denim-ls-shirt","status":"publish","type":"product","link":"https:\/\/streetmarkets.fr\/app\/produit\/regular-carlo-denim-ls-shirt\/","title":{"rendered":"Regular Carlo Denim LS Shirt"},"content":{"rendered":"<p>Classique et ind\u00e9modable, la <strong>Regular Carlo Denim LS Shirt<\/strong> de <strong>Selected<\/strong> est un essentiel du vestiaire masculin. Confectionn\u00e9e en <strong>denim de qualit\u00e9<\/strong>, elle arbore une <strong>coupe droite<\/strong> qui assure confort et style au quotidien.<\/p>\n<p>Dot\u00e9e d\u2019un <strong>col classique<\/strong>, d\u2019une <strong>fermeture boutonn\u00e9e<\/strong> et d\u2019une <strong>poche plaqu\u00e9e sur la poitrine gauche<\/strong>, cette chemise en jean s\u2019adapte \u00e0 toutes les occasions. Portez-la <strong>ouverte sur un t-shirt<\/strong> pour un look d\u00e9contract\u00e9 ou <strong>boutonn\u00e9e sous une veste<\/strong> pour une allure plus sophistiqu\u00e9e.<\/p>\n<p>Un basique intemporel \u00e0 retrouver chez <strong>Harold<\/strong>, LA boutique de <strong>pr\u00eat-\u00e0-porter masculin <\/strong>\u00e0<strong> Paris<\/strong>.<\/p>\n","protected":false},"excerpt":{"rendered":"<p>Classique et ind\u00e9modable, la Regular Carlo Denim LS Shirt de Selected est un essentiel du vestiaire masculin. Confectionn\u00e9e en denim de qualit\u00e9, elle arbore une coupe droite qui assure confort et style au quotidien. Dot\u00e9e d\u2019un col classique, d\u2019une fermeture boutonn\u00e9e et d\u2019une poche plaqu\u00e9e sur la poitrine gauche, cette chemise en jean s\u2019adapte \u00e0 [&hellip;]<\/p>\n","protected":false},"featured_media":1268469,"comment_status":"open","ping_status":"closed","template":"","meta":[],"product_brand":[],"product_cat":[1756,1758],"product_tag":[2244],"acf":[],"_links":{"self":[{"href":"https:\/\/streetmarkets.fr\/app\/wp-json\/wp\/v2\/product\/1268468"}],"collection":[{"href":"https:\/\/streetmarkets.fr\/app\/wp-json\/wp\/v2\/product"}],"about":[{"href":"https:\/\/streetmarkets.fr\/app\/wp-json\/wp\/v2\/types\/product"}],"replies":[{"embeddable":true,"href":"https:\/\/streetmarkets.fr\/app\/wp-json\/wp\/v2\/comments?post=1268468"}],"wp:featuredmedia":[{"embeddable":true,"href":"https:\/\/streetmarkets.fr\/app\/wp-json\/wp\/v2\/media\/1268469"}],"wp:attachment":[{"href":"https:\/\/streetmarkets.fr\/app\/wp-json\/wp\/v2\/media?parent=1268468"}],"wp:term":[{"taxonomy":"product_brand","embeddable":true,"href":"https:\/\/streetmarkets.fr\/app\/wp-json\/wp\/v2\/product_brand?post=1268468"},{"taxonomy":"product_cat","embeddable":true,"href":"https:\/\/streetmarkets.fr\/app\/wp-json\/wp\/v2\/product_cat?post=1268468"},{"taxonomy":"product_tag","embeddable":true,"href":"https:\/\/streetmarkets.fr\/app\/wp-json\/wp\/v2\/product_tag?post=1268468"}],"curies":[{"name":"wp","href":"https:\/\/api.w.org\/{rel}","templated":true}]}}