{"id":1235394,"date":"2025-01-26T00:17:30","date_gmt":"2025-01-25T23:17:30","guid":{"rendered":"https:\/\/streetmarkets.fr\/app\/produit\/soquette-justine-lamour-en-noir\/"},"modified":"2025-11-24T00:18:25","modified_gmt":"2025-11-23T23:18:25","slug":"soquette-justine-lamour-en-noir","status":"publish","type":"product","link":"https:\/\/streetmarkets.fr\/app\/produit\/soquette-justine-lamour-en-noir\/","title":{"rendered":"Soquette Justine L&#8217;amour en noir"},"content":{"rendered":"<p>Fabriqu\u00e9e en France au c\u0153ur du Tarn et remaill\u00e9e \u00e0 la main, cette socquette r\u00e9unit confort, style et belle confection. Le coton peign\u00e9 apporte une douceur moelleuse et respirante, tandis qu\u2019une pointe de lurex subtil donne juste ce qu\u2019il faut d\u2019\u00e9clat.<\/p>\n<p>Sa maille souple tient bien sans serrer, id\u00e9ale avec des chaussures basses (sneakers, derbies, mocassins) ou pour cocooner \u00e0 la maison. Taille unique 36\u201340, simple \u00e0 offrir et facile \u00e0 adopter au quotidien.<\/p>\n","protected":false},"excerpt":{"rendered":"<p>Fabriqu\u00e9e en France au c\u0153ur du Tarn et remaill\u00e9e \u00e0 la main, cette socquette r\u00e9unit confort, style et belle confection. Le coton peign\u00e9 apporte une douceur moelleuse et respirante, tandis qu\u2019une pointe de lurex subtil donne juste ce qu\u2019il faut d\u2019\u00e9clat. Sa maille souple tient bien sans serrer, id\u00e9ale avec des chaussures basses (sneakers, derbies, [&hellip;]<\/p>\n","protected":false},"featured_media":1235395,"comment_status":"open","ping_status":"closed","template":"","meta":[],"product_brand":[],"product_cat":[1756,1764],"product_tag":[1810],"acf":[],"_links":{"self":[{"href":"https:\/\/streetmarkets.fr\/app\/wp-json\/wp\/v2\/product\/1235394"}],"collection":[{"href":"https:\/\/streetmarkets.fr\/app\/wp-json\/wp\/v2\/product"}],"about":[{"href":"https:\/\/streetmarkets.fr\/app\/wp-json\/wp\/v2\/types\/product"}],"replies":[{"embeddable":true,"href":"https:\/\/streetmarkets.fr\/app\/wp-json\/wp\/v2\/comments?post=1235394"}],"wp:featuredmedia":[{"embeddable":true,"href":"https:\/\/streetmarkets.fr\/app\/wp-json\/wp\/v2\/media\/1235395"}],"wp:attachment":[{"href":"https:\/\/streetmarkets.fr\/app\/wp-json\/wp\/v2\/media?parent=1235394"}],"wp:term":[{"taxonomy":"product_brand","embeddable":true,"href":"https:\/\/streetmarkets.fr\/app\/wp-json\/wp\/v2\/product_brand?post=1235394"},{"taxonomy":"product_cat","embeddable":true,"href":"https:\/\/streetmarkets.fr\/app\/wp-json\/wp\/v2\/product_cat?post=1235394"},{"taxonomy":"product_tag","embeddable":true,"href":"https:\/\/streetmarkets.fr\/app\/wp-json\/wp\/v2\/product_tag?post=1235394"}],"curies":[{"name":"wp","href":"https:\/\/api.w.org\/{rel}","templated":true}]}}