{"id":1218096,"date":"2025-01-24T01:14:24","date_gmt":"2025-01-24T00:14:24","guid":{"rendered":"https:\/\/streetmarkets.fr\/app\/produit\/short-court-baigneur-s25-femme-ecru-navy\/"},"modified":"2025-07-22T01:47:05","modified_gmt":"2025-07-21T23:47:05","slug":"short-court-baigneur-s25-femme-ecru-navy","status":"publish","type":"product","link":"https:\/\/streetmarkets.fr\/app\/produit\/short-court-baigneur-s25-femme-ecru-navy\/","title":{"rendered":"Short Court Baigneur (S25 \/ FEMME \/ Ecru\/Navy)"},"content":{"rendered":"<p>Confectionn\u00e9 en laine m\u00e9rinos 4 fils, ce short adopte un jeu de rayures inspir\u00e9es de la marini\u00e8re. Il est marqu\u00e9 d\u2019une taille \u00e9lastiqu\u00e9e contrast\u00e9e. Associez-le au top coordonn\u00e9 pour un ensemble d\u00e9contract\u00e9.<\/p>\n<p>&#8211; Short court marini\u00e8re en laine m\u00e9rinos 4 fils Femme<br \/>\n<br \/>&#8211; Imprim\u00e9 rayures<br \/>\n<br \/>&#8211; Taille \u00e9lastiqu\u00e9e contrast\u00e9e<br \/>\n<br \/>&#8211; Coupe slim<br \/>\n<br \/>&#8211; Laine m\u00e9rinos : respirante et thermor\u00e9gulatrice, elle peut \u00eatre port\u00e9e \u00e9t\u00e9 comme hiver<\/p>\n","protected":false},"excerpt":{"rendered":"<p>Confectionn\u00e9 en laine m\u00e9rinos 4 fils, ce short adopte un jeu de rayures inspir\u00e9es de la marini\u00e8re. Il est marqu\u00e9 d\u2019une taille \u00e9lastiqu\u00e9e contrast\u00e9e. Associez-le au top coordonn\u00e9 pour un ensemble d\u00e9contract\u00e9. &#8211; Short court marini\u00e8re en laine m\u00e9rinos 4 fils Femme &#8211; Imprim\u00e9 rayures &#8211; Taille \u00e9lastiqu\u00e9e contrast\u00e9e &#8211; Coupe slim &#8211; Laine m\u00e9rinos [&hellip;]<\/p>\n","protected":false},"featured_media":1218097,"comment_status":"open","ping_status":"closed","template":"","meta":[],"product_brand":[6868],"product_cat":[1756,1762],"product_tag":[2244],"acf":[],"_links":{"self":[{"href":"https:\/\/streetmarkets.fr\/app\/wp-json\/wp\/v2\/product\/1218096"}],"collection":[{"href":"https:\/\/streetmarkets.fr\/app\/wp-json\/wp\/v2\/product"}],"about":[{"href":"https:\/\/streetmarkets.fr\/app\/wp-json\/wp\/v2\/types\/product"}],"replies":[{"embeddable":true,"href":"https:\/\/streetmarkets.fr\/app\/wp-json\/wp\/v2\/comments?post=1218096"}],"wp:featuredmedia":[{"embeddable":true,"href":"https:\/\/streetmarkets.fr\/app\/wp-json\/wp\/v2\/media\/1218097"}],"wp:attachment":[{"href":"https:\/\/streetmarkets.fr\/app\/wp-json\/wp\/v2\/media?parent=1218096"}],"wp:term":[{"taxonomy":"product_brand","embeddable":true,"href":"https:\/\/streetmarkets.fr\/app\/wp-json\/wp\/v2\/product_brand?post=1218096"},{"taxonomy":"product_cat","embeddable":true,"href":"https:\/\/streetmarkets.fr\/app\/wp-json\/wp\/v2\/product_cat?post=1218096"},{"taxonomy":"product_tag","embeddable":true,"href":"https:\/\/streetmarkets.fr\/app\/wp-json\/wp\/v2\/product_tag?post=1218096"}],"curies":[{"name":"wp","href":"https:\/\/api.w.org\/{rel}","templated":true}]}}