{"id":1212067,"date":"2025-01-23T01:02:12","date_gmt":"2025-01-23T00:02:12","guid":{"rendered":"https:\/\/streetmarkets.fr\/app\/produit\/sandales-430-daim-taupe\/"},"modified":"2025-01-28T01:01:34","modified_gmt":"2025-01-28T00:01:34","slug":"sandales-430-daim-taupe","status":"publish","type":"product","link":"https:\/\/streetmarkets.fr\/app\/produit\/sandales-430-daim-taupe\/","title":{"rendered":"sandales 430 daim taupe"},"content":{"rendered":"<p>sandales taupes plates en daim\u00a0<\/p>\n<\/p>\n<p>. d\u00e9tails : sandales \u00e0 bout rond . deux brides r\u00e9glables avec boucles . semelle li\u00e8ge<\/p>\n<p>. composition : daim . semelle ext\u00e9rieure li\u00e8ge\u00a0<\/p>\n<p>. conseils d&#8217;entretien : \u00e0 imperm\u00e9abiliser avant usage\u00a0<\/p>\n<\/p>\n<p>Fabrication \u00e0 la main dans leur atelier situ\u00e9 en r\u00e9gion nantaise\u00a0<\/p>\n","protected":false},"excerpt":{"rendered":"<p>sandales taupes plates en daim\u00a0 . d\u00e9tails : sandales \u00e0 bout rond . deux brides r\u00e9glables avec boucles . semelle li\u00e8ge . composition : daim . semelle ext\u00e9rieure li\u00e8ge\u00a0 . conseils d&#8217;entretien : \u00e0 imperm\u00e9abiliser avant usage\u00a0 Fabrication \u00e0 la main dans leur atelier situ\u00e9 en r\u00e9gion nantaise\u00a0<\/p>\n","protected":false},"featured_media":1212068,"comment_status":"open","ping_status":"closed","template":"","meta":[],"product_brand":[],"product_cat":[1756,1763],"product_tag":[2244,1811],"acf":[],"_links":{"self":[{"href":"https:\/\/streetmarkets.fr\/app\/wp-json\/wp\/v2\/product\/1212067"}],"collection":[{"href":"https:\/\/streetmarkets.fr\/app\/wp-json\/wp\/v2\/product"}],"about":[{"href":"https:\/\/streetmarkets.fr\/app\/wp-json\/wp\/v2\/types\/product"}],"replies":[{"embeddable":true,"href":"https:\/\/streetmarkets.fr\/app\/wp-json\/wp\/v2\/comments?post=1212067"}],"wp:featuredmedia":[{"embeddable":true,"href":"https:\/\/streetmarkets.fr\/app\/wp-json\/wp\/v2\/media\/1212068"}],"wp:attachment":[{"href":"https:\/\/streetmarkets.fr\/app\/wp-json\/wp\/v2\/media?parent=1212067"}],"wp:term":[{"taxonomy":"product_brand","embeddable":true,"href":"https:\/\/streetmarkets.fr\/app\/wp-json\/wp\/v2\/product_brand?post=1212067"},{"taxonomy":"product_cat","embeddable":true,"href":"https:\/\/streetmarkets.fr\/app\/wp-json\/wp\/v2\/product_cat?post=1212067"},{"taxonomy":"product_tag","embeddable":true,"href":"https:\/\/streetmarkets.fr\/app\/wp-json\/wp\/v2\/product_tag?post=1212067"}],"curies":[{"name":"wp","href":"https:\/\/api.w.org\/{rel}","templated":true}]}}