{"id":1189278,"date":"2025-01-20T01:05:28","date_gmt":"2025-01-20T00:05:28","guid":{"rendered":"https:\/\/streetmarkets.fr\/app\/produit\/nouveau-masscob-top-mahon-wood-precommande\/"},"modified":"2025-08-30T02:05:09","modified_gmt":"2025-08-30T00:05:09","slug":"nouveau-masscob-top-mahon-wood-precommande","status":"publish","type":"product","link":"https:\/\/streetmarkets.fr\/app\/produit\/nouveau-masscob-top-mahon-wood-precommande\/","title":{"rendered":"MASSCOB Top Mahon Wood -30%"},"content":{"rendered":"<p data-rte-preserve-empty=\"true\">Top en lin et coton, coupe ajust\u00e9 sans manche, encolure arrondie, mati\u00e8re souple et fraiche.<\/p>\n<p data-rte-preserve-empty=\"true\">D\u00e9tail : 65% lin, 35% coton biologique<\/p>\n","protected":false},"excerpt":{"rendered":"<p>Top en lin et coton, coupe ajust\u00e9 sans manche, encolure arrondie, mati\u00e8re souple et fraiche. D\u00e9tail : 65% lin, 35% coton biologique<\/p>\n","protected":false},"featured_media":1189279,"comment_status":"open","ping_status":"closed","template":"","meta":[],"product_brand":[],"product_cat":[1756,1762],"product_tag":[2244],"acf":[],"_links":{"self":[{"href":"https:\/\/streetmarkets.fr\/app\/wp-json\/wp\/v2\/product\/1189278"}],"collection":[{"href":"https:\/\/streetmarkets.fr\/app\/wp-json\/wp\/v2\/product"}],"about":[{"href":"https:\/\/streetmarkets.fr\/app\/wp-json\/wp\/v2\/types\/product"}],"replies":[{"embeddable":true,"href":"https:\/\/streetmarkets.fr\/app\/wp-json\/wp\/v2\/comments?post=1189278"}],"wp:featuredmedia":[{"embeddable":true,"href":"https:\/\/streetmarkets.fr\/app\/wp-json\/wp\/v2\/media\/1189279"}],"wp:attachment":[{"href":"https:\/\/streetmarkets.fr\/app\/wp-json\/wp\/v2\/media?parent=1189278"}],"wp:term":[{"taxonomy":"product_brand","embeddable":true,"href":"https:\/\/streetmarkets.fr\/app\/wp-json\/wp\/v2\/product_brand?post=1189278"},{"taxonomy":"product_cat","embeddable":true,"href":"https:\/\/streetmarkets.fr\/app\/wp-json\/wp\/v2\/product_cat?post=1189278"},{"taxonomy":"product_tag","embeddable":true,"href":"https:\/\/streetmarkets.fr\/app\/wp-json\/wp\/v2\/product_tag?post=1189278"}],"curies":[{"name":"wp","href":"https:\/\/api.w.org\/{rel}","templated":true}]}}