{"id":1175758,"date":"2025-01-18T01:07:21","date_gmt":"2025-01-18T00:07:21","guid":{"rendered":"https:\/\/streetmarkets.fr\/app\/produit\/nouveau-rouje-paris-top-tacita-bleuet-marine\/"},"modified":"2026-05-06T01:59:37","modified_gmt":"2026-05-05T23:59:37","slug":"nouveau-rouje-paris-top-tacita-bleuet-marine","status":"publish","type":"product","link":"https:\/\/streetmarkets.fr\/app\/produit\/nouveau-rouje-paris-top-tacita-bleuet-marine\/","title":{"rendered":"ROUJE PARIS Top Tacita Bleuet Marine -40%"},"content":{"rendered":"<p data-rte-preserve-empty=\"true\">Joli top \u00e0 motif floral, fleurs blanches sur fond bleu marine, d\u00e9collet\u00e9 en V, dentelle contrastante sur les bretelles et le d\u00e9collet\u00e9. Coupe en biais. \u00c0 coordonner avec le gilet court Abelina Marine. <\/p>\n<p data-rte-preserve-empty=\"true\">D\u00e9tail : Tissu principal 100% cupro, dentelle 70% coton, 30% polyamide<\/p>\n","protected":false},"excerpt":{"rendered":"<p>Joli top \u00e0 motif floral, fleurs blanches sur fond bleu marine, d\u00e9collet\u00e9 en V, dentelle contrastante sur les bretelles et le d\u00e9collet\u00e9. Coupe en biais. \u00c0 coordonner avec le gilet court Abelina Marine. D\u00e9tail : Tissu principal 100% cupro, dentelle 70% coton, 30% polyamide<\/p>\n","protected":false},"featured_media":1175759,"comment_status":"open","ping_status":"closed","template":"","meta":[],"product_brand":[],"product_cat":[1756,1762],"product_tag":[2244],"acf":[],"_links":{"self":[{"href":"https:\/\/streetmarkets.fr\/app\/wp-json\/wp\/v2\/product\/1175758"}],"collection":[{"href":"https:\/\/streetmarkets.fr\/app\/wp-json\/wp\/v2\/product"}],"about":[{"href":"https:\/\/streetmarkets.fr\/app\/wp-json\/wp\/v2\/types\/product"}],"replies":[{"embeddable":true,"href":"https:\/\/streetmarkets.fr\/app\/wp-json\/wp\/v2\/comments?post=1175758"}],"wp:featuredmedia":[{"embeddable":true,"href":"https:\/\/streetmarkets.fr\/app\/wp-json\/wp\/v2\/media\/1175759"}],"wp:attachment":[{"href":"https:\/\/streetmarkets.fr\/app\/wp-json\/wp\/v2\/media?parent=1175758"}],"wp:term":[{"taxonomy":"product_brand","embeddable":true,"href":"https:\/\/streetmarkets.fr\/app\/wp-json\/wp\/v2\/product_brand?post=1175758"},{"taxonomy":"product_cat","embeddable":true,"href":"https:\/\/streetmarkets.fr\/app\/wp-json\/wp\/v2\/product_cat?post=1175758"},{"taxonomy":"product_tag","embeddable":true,"href":"https:\/\/streetmarkets.fr\/app\/wp-json\/wp\/v2\/product_tag?post=1175758"}],"curies":[{"name":"wp","href":"https:\/\/api.w.org\/{rel}","templated":true}]}}