{"id":1163580,"date":"2025-01-16T01:13:58","date_gmt":"2025-01-16T00:13:58","guid":{"rendered":"https:\/\/streetmarkets.fr\/app\/produit\/robe-longue-manches-longues-bijoux-coeur-s25-femme-noir\/"},"modified":"2025-08-18T01:47:25","modified_gmt":"2025-08-17T23:47:25","slug":"robe-longue-manches-longues-bijoux-coeur-s25-femme-noir","status":"publish","type":"product","link":"https:\/\/streetmarkets.fr\/app\/produit\/robe-longue-manches-longues-bijoux-coeur-s25-femme-noir\/","title":{"rendered":"Robe Longue Manches Longues Bijoux C\u0153ur (S25 \/ FEMME \/ Noir)"},"content":{"rendered":"<p>Confectionn\u00e9e en laine m\u00e9rinos 4 fils, cette robe longue flatte la silhouette avec une coupe pr\u00e8s du corps. Son d\u00e9collet\u00e9 audacieux, orn\u00e9 d&#8217;une d\u00e9coupe et d&#8217;un bijou c\u0153ur, attire le regard. Des poignets \u00e9vas\u00e9s et une jupe fendue apportent une touche de l\u00e9g\u00e8ret\u00e9.<\/p>\n<p>&#8211; Robe longue en laine m\u00e9rinos 4 fils Femme<br \/>\n<br \/>&#8211; Encolure carr\u00e9e<br \/>\n<br \/>&#8211; D\u00e9collet\u00e9 avec d\u00e9coupe bijou c\u0153ur<br \/>\n<br \/>&#8211; Manches longues<br \/>\n<br \/>&#8211; Poignets \u00e9vas\u00e9s<br \/>\n<br \/>&#8211; Fente sur le c\u00f4t\u00e9<br \/>\n<br \/>&#8211; Coupe slim<br \/>\n<br \/>&#8211; Laine m\u00e9rinos : respirante et thermor\u00e9gulatrice, elle peut \u00eatre port\u00e9e \u00e9t\u00e9 comme hiver<\/p>\n","protected":false},"excerpt":{"rendered":"<p>Confectionn\u00e9e en laine m\u00e9rinos 4 fils, cette robe longue flatte la silhouette avec une coupe pr\u00e8s du corps. Son d\u00e9collet\u00e9 audacieux, orn\u00e9 d&#8217;une d\u00e9coupe et d&#8217;un bijou c\u0153ur, attire le regard. Des poignets \u00e9vas\u00e9s et une jupe fendue apportent une touche de l\u00e9g\u00e8ret\u00e9. &#8211; Robe longue en laine m\u00e9rinos 4 fils Femme &#8211; Encolure carr\u00e9e [&hellip;]<\/p>\n","protected":false},"featured_media":1163581,"comment_status":"open","ping_status":"closed","template":"","meta":[],"product_brand":[6868],"product_cat":[1756,1762],"product_tag":[2244],"acf":[],"_links":{"self":[{"href":"https:\/\/streetmarkets.fr\/app\/wp-json\/wp\/v2\/product\/1163580"}],"collection":[{"href":"https:\/\/streetmarkets.fr\/app\/wp-json\/wp\/v2\/product"}],"about":[{"href":"https:\/\/streetmarkets.fr\/app\/wp-json\/wp\/v2\/types\/product"}],"replies":[{"embeddable":true,"href":"https:\/\/streetmarkets.fr\/app\/wp-json\/wp\/v2\/comments?post=1163580"}],"wp:featuredmedia":[{"embeddable":true,"href":"https:\/\/streetmarkets.fr\/app\/wp-json\/wp\/v2\/media\/1163581"}],"wp:attachment":[{"href":"https:\/\/streetmarkets.fr\/app\/wp-json\/wp\/v2\/media?parent=1163580"}],"wp:term":[{"taxonomy":"product_brand","embeddable":true,"href":"https:\/\/streetmarkets.fr\/app\/wp-json\/wp\/v2\/product_brand?post=1163580"},{"taxonomy":"product_cat","embeddable":true,"href":"https:\/\/streetmarkets.fr\/app\/wp-json\/wp\/v2\/product_cat?post=1163580"},{"taxonomy":"product_tag","embeddable":true,"href":"https:\/\/streetmarkets.fr\/app\/wp-json\/wp\/v2\/product_tag?post=1163580"}],"curies":[{"name":"wp","href":"https:\/\/api.w.org\/{rel}","templated":true}]}}