{"id":1163039,"date":"2025-01-16T00:38:32","date_gmt":"2025-01-15T23:38:32","guid":{"rendered":"https:\/\/streetmarkets.fr\/app\/produit\/trousse-make-up-flora-noisette\/"},"modified":"2025-03-24T00:38:30","modified_gmt":"2025-03-23T23:38:30","slug":"trousse-make-up-flora-noisette","status":"publish","type":"product","link":"https:\/\/streetmarkets.fr\/app\/produit\/trousse-make-up-flora-noisette\/","title":{"rendered":"Trousse Make Up Flora Noisette"},"content":{"rendered":"<p>Id\u00e9ale pour transporter tous vos essentiels, cette jolie trousse de maquillage a une grande contenance et est enti\u00e8rement plastifi\u00e9e \u00e0 l&#8217;int\u00e9rieur.<\/p>\n<p><strong>Composition :<\/strong> 100% coton<\/p>\n<p><span style=\"text-decoration: underline\">Dimensions :<\/span> 25 x 19 cm<\/p>\n","protected":false},"excerpt":{"rendered":"<p>Id\u00e9ale pour transporter tous vos essentiels, cette jolie trousse de maquillage a une grande contenance et est enti\u00e8rement plastifi\u00e9e \u00e0 l&#8217;int\u00e9rieur. Composition : 100% coton Dimensions : 25 x 19 cm<\/p>\n","protected":false},"featured_media":1163040,"comment_status":"open","ping_status":"closed","template":"","meta":[],"product_brand":[],"product_cat":[1756,1764],"product_tag":[1810],"acf":[],"_links":{"self":[{"href":"https:\/\/streetmarkets.fr\/app\/wp-json\/wp\/v2\/product\/1163039"}],"collection":[{"href":"https:\/\/streetmarkets.fr\/app\/wp-json\/wp\/v2\/product"}],"about":[{"href":"https:\/\/streetmarkets.fr\/app\/wp-json\/wp\/v2\/types\/product"}],"replies":[{"embeddable":true,"href":"https:\/\/streetmarkets.fr\/app\/wp-json\/wp\/v2\/comments?post=1163039"}],"wp:featuredmedia":[{"embeddable":true,"href":"https:\/\/streetmarkets.fr\/app\/wp-json\/wp\/v2\/media\/1163040"}],"wp:attachment":[{"href":"https:\/\/streetmarkets.fr\/app\/wp-json\/wp\/v2\/media?parent=1163039"}],"wp:term":[{"taxonomy":"product_brand","embeddable":true,"href":"https:\/\/streetmarkets.fr\/app\/wp-json\/wp\/v2\/product_brand?post=1163039"},{"taxonomy":"product_cat","embeddable":true,"href":"https:\/\/streetmarkets.fr\/app\/wp-json\/wp\/v2\/product_cat?post=1163039"},{"taxonomy":"product_tag","embeddable":true,"href":"https:\/\/streetmarkets.fr\/app\/wp-json\/wp\/v2\/product_tag?post=1163039"}],"curies":[{"name":"wp","href":"https:\/\/api.w.org\/{rel}","templated":true}]}}