{"id":1058975,"date":"2024-12-27T23:48:32","date_gmt":"2024-12-27T22:48:32","guid":{"rendered":"https:\/\/streetmarkets.fr\/app\/produit\/ciele-casquette-ciele-hot-cap-shadowcast\/"},"modified":"2026-05-09T00:49:15","modified_gmt":"2026-05-08T22:49:15","slug":"ciele-casquette-ciele-hot-cap-shadowcast","status":"publish","type":"product","link":"https:\/\/streetmarkets.fr\/app\/produit\/ciele-casquette-ciele-hot-cap-shadowcast\/","title":{"rendered":"Ciele Casquette Ciele Hot Cap Shadowcast"},"content":{"rendered":"<p>La Ciele Casquette Hoth Cap Shadowcast est inspir\u00e9 par le d\u00e9veloppement de notre VLVInsulator. Ciele a int\u00e9gr\u00e9 une coque ext\u00e9rieure recycl\u00e9e et respirante, associ\u00e9e \u00e0 un traitement DWR C0, afin de pr\u00e9server performance et protection.<\/p>\n<p>Cette casquette est \u00e9quip\u00e9e de la ventilation airBEAM\u2122, doubl\u00e9e de COOLmatic | EXP\u2122 avec carbone, offrant une r\u00e9gulation thermique exceptionnelle, aussi bien adapt\u00e9e aux conditions extr\u00eames de l&#8217;Arctique qu&#8217;\u00e0 une utilisation quotidienne.<\/p>\n<p>Pour repousser efficacement le froid, nous avons exploit\u00e9 l&#8217;isolation l\u00e9g\u00e8re Sorino | WS, qui combine les propri\u00e9t\u00e9s naturelles de la laine et de la soie. Ce m\u00e9lange garantit une chaleur optimale, une thermor\u00e9gulation exceptionnelle et un encombrement r\u00e9duit.<\/p>\n<p>Les caches-oreilles isol\u00e9s et la protection pour le cou sont ajustables : repliez-les ou abaissez-les en fonction des exigences du vent du nord. V\u00e9ritable rempart contre le gel, cette casquette est l&#8217;alli\u00e9e id\u00e9ale pour les temp\u00e9ratures glaciales.<\/p>\n<p><span>&#8211; couche ext\u00e9rieure en polyester recycl\u00e9 et isolation Sorino | WS en laine et soie.<\/span><br \/><span>&#8211; COOLmatic | EXP\u2122 airBEAM pour la ventilation.<\/span><br \/><span>&#8211; extr\u00eamement compact.<\/span><br \/><span>&#8211; r\u00e9glage rapide pour un ajustement personnalis\u00e9.<\/span><br \/><span>&#8211; d\u00e9tails r\u00e9fl\u00e9chissants pour une visibilit\u00e9 nocturne.<\/span><br \/><span>&#8211; garantie ciele athletics\u2122 un million de miles.<\/span><br \/><span>&#8211; disponibles en deux tailles, S\/M 56.5cm et L\/XL 60cm<\/span><br \/><span>&#8211; poids : 41 et 44 grammes.<\/span><br \/><span>&#8211; composition ext\u00e9rieure : 100% polyester recycl\u00e9<\/span><br \/><span>&#8211; isolation : 50% laine m\u00e9rino trait\u00e9e WO 30% soie recycl\u00e9e 20% PLA Ingeo low-melt.<\/span><br \/><span>&#8211; composition seconaide : 86% polyester recycl\u00e9 10% \u00e9lastane 3% polyester 1% carbon.<\/span><\/p>\n","protected":false},"excerpt":{"rendered":"<p>La Ciele Casquette Hoth Cap Shadowcast est inspir\u00e9 par le d\u00e9veloppement de notre VLVInsulator. Ciele a int\u00e9gr\u00e9 une coque ext\u00e9rieure recycl\u00e9e et respirante, associ\u00e9e \u00e0 un traitement DWR C0, afin de pr\u00e9server performance et protection. Cette casquette est \u00e9quip\u00e9e de la ventilation airBEAM\u2122, doubl\u00e9e de COOLmatic | EXP\u2122 avec carbone, offrant une r\u00e9gulation thermique exceptionnelle, [&hellip;]<\/p>\n","protected":false},"featured_media":1058976,"comment_status":"open","ping_status":"closed","template":"","meta":[],"product_brand":[],"product_cat":[1756,1764,1760],"product_tag":[2244,1811],"acf":[],"_links":{"self":[{"href":"https:\/\/streetmarkets.fr\/app\/wp-json\/wp\/v2\/product\/1058975"}],"collection":[{"href":"https:\/\/streetmarkets.fr\/app\/wp-json\/wp\/v2\/product"}],"about":[{"href":"https:\/\/streetmarkets.fr\/app\/wp-json\/wp\/v2\/types\/product"}],"replies":[{"embeddable":true,"href":"https:\/\/streetmarkets.fr\/app\/wp-json\/wp\/v2\/comments?post=1058975"}],"wp:featuredmedia":[{"embeddable":true,"href":"https:\/\/streetmarkets.fr\/app\/wp-json\/wp\/v2\/media\/1058976"}],"wp:attachment":[{"href":"https:\/\/streetmarkets.fr\/app\/wp-json\/wp\/v2\/media?parent=1058975"}],"wp:term":[{"taxonomy":"product_brand","embeddable":true,"href":"https:\/\/streetmarkets.fr\/app\/wp-json\/wp\/v2\/product_brand?post=1058975"},{"taxonomy":"product_cat","embeddable":true,"href":"https:\/\/streetmarkets.fr\/app\/wp-json\/wp\/v2\/product_cat?post=1058975"},{"taxonomy":"product_tag","embeddable":true,"href":"https:\/\/streetmarkets.fr\/app\/wp-json\/wp\/v2\/product_tag?post=1058975"}],"curies":[{"name":"wp","href":"https:\/\/api.w.org\/{rel}","templated":true}]}}