{"id":1054191,"date":"2024-12-27T01:11:52","date_gmt":"2024-12-27T00:11:52","guid":{"rendered":"https:\/\/streetmarkets.fr\/app\/produit\/top-manches-longues-s25-femme-navy\/"},"modified":"2025-07-06T01:44:43","modified_gmt":"2025-07-05T23:44:43","slug":"top-manches-longues-s25-femme-navy","status":"publish","type":"product","link":"https:\/\/streetmarkets.fr\/app\/produit\/top-manches-longues-s25-femme-navy\/","title":{"rendered":"Top Manches Longues (S25 \/ FEMME \/ Navy)"},"content":{"rendered":"<p>Ce top ajust\u00e9 r\u00e9v\u00e8le un c\u0153ur ajour\u00e9, r\u00e9chauffant votre allure avec \u00e9l\u00e9gance. Confectionn\u00e9 en laine m\u00e9rinos 2 fils, il d\u00e9voile un col rond et des manches longues. Associez-le \u00e0 un pantalon large pour une allure sophistiqu\u00e9e.<\/p>\n<p>&#8211; Top court en laine m\u00e9rinos 2 fils Femme<br \/>\n<br \/>&#8211; C\u0153ur ajour\u00e9<br \/>\n<br \/>&#8211; Col rond<br \/>\n<br \/>&#8211; Manches longues<br \/>\n<br \/>&#8211; Coupe slim<br \/>\n<br \/>&#8211; Laine m\u00e9rinos : respirante et thermor\u00e9gulatrice, elle peut \u00eatre port\u00e9e \u00e9t\u00e9 comme hiver<\/p>\n","protected":false},"excerpt":{"rendered":"<p>Ce top ajust\u00e9 r\u00e9v\u00e8le un c\u0153ur ajour\u00e9, r\u00e9chauffant votre allure avec \u00e9l\u00e9gance. Confectionn\u00e9 en laine m\u00e9rinos 2 fils, il d\u00e9voile un col rond et des manches longues. Associez-le \u00e0 un pantalon large pour une allure sophistiqu\u00e9e. &#8211; Top court en laine m\u00e9rinos 2 fils Femme &#8211; C\u0153ur ajour\u00e9 &#8211; Col rond &#8211; Manches longues &#8211; [&hellip;]<\/p>\n","protected":false},"featured_media":1054192,"comment_status":"open","ping_status":"closed","template":"","meta":[],"product_brand":[6868],"product_cat":[1756,1762],"product_tag":[2244],"acf":[],"_links":{"self":[{"href":"https:\/\/streetmarkets.fr\/app\/wp-json\/wp\/v2\/product\/1054191"}],"collection":[{"href":"https:\/\/streetmarkets.fr\/app\/wp-json\/wp\/v2\/product"}],"about":[{"href":"https:\/\/streetmarkets.fr\/app\/wp-json\/wp\/v2\/types\/product"}],"replies":[{"embeddable":true,"href":"https:\/\/streetmarkets.fr\/app\/wp-json\/wp\/v2\/comments?post=1054191"}],"wp:featuredmedia":[{"embeddable":true,"href":"https:\/\/streetmarkets.fr\/app\/wp-json\/wp\/v2\/media\/1054192"}],"wp:attachment":[{"href":"https:\/\/streetmarkets.fr\/app\/wp-json\/wp\/v2\/media?parent=1054191"}],"wp:term":[{"taxonomy":"product_brand","embeddable":true,"href":"https:\/\/streetmarkets.fr\/app\/wp-json\/wp\/v2\/product_brand?post=1054191"},{"taxonomy":"product_cat","embeddable":true,"href":"https:\/\/streetmarkets.fr\/app\/wp-json\/wp\/v2\/product_cat?post=1054191"},{"taxonomy":"product_tag","embeddable":true,"href":"https:\/\/streetmarkets.fr\/app\/wp-json\/wp\/v2\/product_tag?post=1054191"}],"curies":[{"name":"wp","href":"https:\/\/api.w.org\/{rel}","templated":true}]}}