{"id":1054148,"date":"2024-12-27T01:11:48","date_gmt":"2024-12-27T00:11:48","guid":{"rendered":"https:\/\/streetmarkets.fr\/app\/produit\/pull-col-camionneur-crochet-s25-femme-light-beige\/"},"modified":"2025-10-02T02:01:04","modified_gmt":"2025-10-02T00:01:04","slug":"pull-col-camionneur-crochet-s25-femme-light-beige","status":"publish","type":"product","link":"https:\/\/streetmarkets.fr\/app\/produit\/pull-col-camionneur-crochet-s25-femme-light-beige\/","title":{"rendered":"Pull Col Camionneur Crochet (S25 \/ FEMME \/ Light Beige)"},"content":{"rendered":"<p>Des bandes contrast\u00e9es structurent ce pull oversize, d\u00e9voilant des empi\u00e8cements ajour\u00e9s. Confectionn\u00e9 en cachemire 4 fils, il est dot\u00e9 d&#8217;un col camionneur pour r\u00e9chauffer votre silhouette de saison en douceur. Mixez-le \u00e0 un jean ample ou un pantalon de tailleur.<\/p>\n<p>&#8211; Pull en cachemire 4 fils certifi\u00e9 GCS\u00ae Femme<br \/>\n<br \/>&#8211; Bicolore<br \/>\n<br \/>&#8211; Bandes contrast\u00e9es et empi\u00e8cements ajour\u00e9s<br \/>\n<br \/>&#8211; Col camionneur<br \/>\n<br \/>&#8211; Manches longues<br \/>\n<br \/>&#8211; Coupe oversize<br \/>\n<br \/>&#8211; Le Good Cashmere Standard\u00ae (GCS) est une norme ind\u00e9pendante pour un cachemire plus durable et plus responsable. Il vise \u00e0 am\u00e9liorer le bien-\u00eatre des ch\u00e8vres cachemire, les conditions de travail des \u00e9leveurs ainsi qu&#8217;\u00e0 prot\u00e9ger l&#8217;environnement.<\/p>\n","protected":false},"excerpt":{"rendered":"<p>Des bandes contrast\u00e9es structurent ce pull oversize, d\u00e9voilant des empi\u00e8cements ajour\u00e9s. Confectionn\u00e9 en cachemire 4 fils, il est dot\u00e9 d&#8217;un col camionneur pour r\u00e9chauffer votre silhouette de saison en douceur. Mixez-le \u00e0 un jean ample ou un pantalon de tailleur. &#8211; Pull en cachemire 4 fils certifi\u00e9 GCS\u00ae Femme &#8211; Bicolore &#8211; Bandes contrast\u00e9es et [&hellip;]<\/p>\n","protected":false},"featured_media":1054149,"comment_status":"open","ping_status":"closed","template":"","meta":[],"product_brand":[6868],"product_cat":[1756,1762],"product_tag":[2244],"acf":[],"_links":{"self":[{"href":"https:\/\/streetmarkets.fr\/app\/wp-json\/wp\/v2\/product\/1054148"}],"collection":[{"href":"https:\/\/streetmarkets.fr\/app\/wp-json\/wp\/v2\/product"}],"about":[{"href":"https:\/\/streetmarkets.fr\/app\/wp-json\/wp\/v2\/types\/product"}],"replies":[{"embeddable":true,"href":"https:\/\/streetmarkets.fr\/app\/wp-json\/wp\/v2\/comments?post=1054148"}],"wp:featuredmedia":[{"embeddable":true,"href":"https:\/\/streetmarkets.fr\/app\/wp-json\/wp\/v2\/media\/1054149"}],"wp:attachment":[{"href":"https:\/\/streetmarkets.fr\/app\/wp-json\/wp\/v2\/media?parent=1054148"}],"wp:term":[{"taxonomy":"product_brand","embeddable":true,"href":"https:\/\/streetmarkets.fr\/app\/wp-json\/wp\/v2\/product_brand?post=1054148"},{"taxonomy":"product_cat","embeddable":true,"href":"https:\/\/streetmarkets.fr\/app\/wp-json\/wp\/v2\/product_cat?post=1054148"},{"taxonomy":"product_tag","embeddable":true,"href":"https:\/\/streetmarkets.fr\/app\/wp-json\/wp\/v2\/product_tag?post=1054148"}],"curies":[{"name":"wp","href":"https:\/\/api.w.org\/{rel}","templated":true}]}}