{"id":1027632,"date":"2024-12-21T03:07:37","date_gmt":"2024-12-21T02:07:37","guid":{"rendered":"https:\/\/streetmarkets.fr\/app\/produit\/hads\/"},"modified":"2026-04-29T03:50:14","modified_gmt":"2026-04-29T01:50:14","slug":"hads","status":"publish","type":"product","link":"https:\/\/streetmarkets.fr\/app\/produit\/hads\/","title":{"rendered":"Hads"},"content":{"rendered":"<p>Hads est une allusion \u00e0 l&#8217;intellectuel, \u00e0 l&#8217;individu \u00e9clair\u00e9 qui a toujours une longueur d&#8217;avance.<\/p>\n<p>PT-4702<\/p>\n","protected":false},"excerpt":{"rendered":"<p>Hads est une allusion \u00e0 l&#8217;intellectuel, \u00e0 l&#8217;individu \u00e9clair\u00e9 qui a toujours une longueur d&#8217;avance. PT-4702<\/p>\n","protected":false},"featured_media":1027633,"comment_status":"open","ping_status":"closed","template":"","meta":[],"product_brand":[],"product_cat":[1756,1760],"product_tag":[2244],"acf":[],"_links":{"self":[{"href":"https:\/\/streetmarkets.fr\/app\/wp-json\/wp\/v2\/product\/1027632"}],"collection":[{"href":"https:\/\/streetmarkets.fr\/app\/wp-json\/wp\/v2\/product"}],"about":[{"href":"https:\/\/streetmarkets.fr\/app\/wp-json\/wp\/v2\/types\/product"}],"replies":[{"embeddable":true,"href":"https:\/\/streetmarkets.fr\/app\/wp-json\/wp\/v2\/comments?post=1027632"}],"wp:featuredmedia":[{"embeddable":true,"href":"https:\/\/streetmarkets.fr\/app\/wp-json\/wp\/v2\/media\/1027633"}],"wp:attachment":[{"href":"https:\/\/streetmarkets.fr\/app\/wp-json\/wp\/v2\/media?parent=1027632"}],"wp:term":[{"taxonomy":"product_brand","embeddable":true,"href":"https:\/\/streetmarkets.fr\/app\/wp-json\/wp\/v2\/product_brand?post=1027632"},{"taxonomy":"product_cat","embeddable":true,"href":"https:\/\/streetmarkets.fr\/app\/wp-json\/wp\/v2\/product_cat?post=1027632"},{"taxonomy":"product_tag","embeddable":true,"href":"https:\/\/streetmarkets.fr\/app\/wp-json\/wp\/v2\/product_tag?post=1027632"}],"curies":[{"name":"wp","href":"https:\/\/api.w.org\/{rel}","templated":true}]}}