{"id":1022559,"date":"2024-12-21T01:12:42","date_gmt":"2024-12-21T00:12:42","guid":{"rendered":"https:\/\/streetmarkets.fr\/app\/produit\/pull-cardigan-coeur-leger-h24-femme-noir\/"},"modified":"2025-03-10T01:09:21","modified_gmt":"2025-03-10T00:09:21","slug":"pull-cardigan-coeur-leger-h24-femme-noir","status":"publish","type":"product","link":"https:\/\/streetmarkets.fr\/app\/produit\/pull-cardigan-coeur-leger-h24-femme-noir\/","title":{"rendered":"Pull Cardigan Coeur L\u00e9ger (H24 \/ FEMME \/ Noir)"},"content":{"rendered":"<p><!--td {border: 1px solid #cccccc;}br {mso-data-placement:same-cell;}--><\/p>\n<p><span data-sheets-root=\"1\">Incontournable du vestiaire FROM FUTURE, ce pull cardigan court d\u00e9voile une maille douce, l\u00e9g\u00e8re et confectionn\u00e9e en cachemire. Muni de manches longues, de bords c\u00f4tel\u00e9s et d&#8217;une fermeture boutonn\u00e9e, il d\u00e9voile un col V et un c\u0153ur en intarsia orn\u00e9 d&#8217;une broderie &#8220;FUTURE&#8221; \u00e0 la poitrine. \u00c0 porter seul ou sur un t-shirt, il s&#8217;associe facilement \u00e0 un jean d\u00e9contract\u00e9.<\/p>\n<p>&#8211; Pull cardigan court en cachemire l\u00e9ger certifi\u00e9 GCS\u00ae Femme<br \/>&#8211; Intarsia c\u0153ur et broderie Future<br \/>&#8211; Col V<br \/>&#8211; Fermeture boutonn\u00e9e<br \/>&#8211; Manches longues<br \/>&#8211; Bords c\u00f4tel\u00e9s<br \/>&#8211; Coupe regular<br \/>&#8211; Le Good Cashmere Standard\u00ae (GCS) est une norme ind\u00e9pendante pour un cachemire plus durable et plus responsable. Il vise \u00e0 am\u00e9liorer le bien-\u00eatre des ch\u00e8vres cachemire, les conditions de travail des \u00e9leveurs ainsi qu&#8217;\u00e0 prot\u00e9ger l&#8217;environnement.<\/span><\/p>\n","protected":false},"excerpt":{"rendered":"<p>Incontournable du vestiaire FROM FUTURE, ce pull cardigan court d\u00e9voile une maille douce, l\u00e9g\u00e8re et confectionn\u00e9e en cachemire. Muni de manches longues, de bords c\u00f4tel\u00e9s et d&#8217;une fermeture boutonn\u00e9e, il d\u00e9voile un col V et un c\u0153ur en intarsia orn\u00e9 d&#8217;une broderie &#8220;FUTURE&#8221; \u00e0 la poitrine. \u00c0 porter seul ou sur un t-shirt, il s&#8217;associe [&hellip;]<\/p>\n","protected":false},"featured_media":1022560,"comment_status":"open","ping_status":"closed","template":"","meta":[],"product_brand":[6868],"product_cat":[1756,1762],"product_tag":[2244],"acf":[],"_links":{"self":[{"href":"https:\/\/streetmarkets.fr\/app\/wp-json\/wp\/v2\/product\/1022559"}],"collection":[{"href":"https:\/\/streetmarkets.fr\/app\/wp-json\/wp\/v2\/product"}],"about":[{"href":"https:\/\/streetmarkets.fr\/app\/wp-json\/wp\/v2\/types\/product"}],"replies":[{"embeddable":true,"href":"https:\/\/streetmarkets.fr\/app\/wp-json\/wp\/v2\/comments?post=1022559"}],"wp:featuredmedia":[{"embeddable":true,"href":"https:\/\/streetmarkets.fr\/app\/wp-json\/wp\/v2\/media\/1022560"}],"wp:attachment":[{"href":"https:\/\/streetmarkets.fr\/app\/wp-json\/wp\/v2\/media?parent=1022559"}],"wp:term":[{"taxonomy":"product_brand","embeddable":true,"href":"https:\/\/streetmarkets.fr\/app\/wp-json\/wp\/v2\/product_brand?post=1022559"},{"taxonomy":"product_cat","embeddable":true,"href":"https:\/\/streetmarkets.fr\/app\/wp-json\/wp\/v2\/product_cat?post=1022559"},{"taxonomy":"product_tag","embeddable":true,"href":"https:\/\/streetmarkets.fr\/app\/wp-json\/wp\/v2\/product_tag?post=1022559"}],"curies":[{"name":"wp","href":"https:\/\/api.w.org\/{rel}","templated":true}]}}