{"id":1004449,"date":"2024-12-18T00:47:09","date_gmt":"2024-12-17T23:47:09","guid":{"rendered":"https:\/\/streetmarkets.fr\/app\/produit\/jupe-jacquard-tencel\/"},"modified":"2025-08-17T01:47:32","modified_gmt":"2025-08-16T23:47:32","slug":"jupe-jacquard-tencel","status":"publish","type":"product","link":"https:\/\/streetmarkets.fr\/app\/produit\/jupe-jacquard-tencel\/","title":{"rendered":"Jupe Jacquard Tencel"},"content":{"rendered":"<p>Superbe jupe en jacquard de tencel! La coupe moderne et la mati\u00e8re toute douce compos\u00e9e de Tencel\u2122 Lyocell et Tencel\u2122 LUXE en font une pi\u00e8ce de choix pour votre garde-robe.\u00a0<\/p>\n<p>Id\u00e9e look festif: cette jupe + le haut assorti + des escarpins + une multitude de bijoux pour un style super chic!<br \/>Comment reporter ce top au quotidien ? Avec un beau pull chaud, une paire de bottines et des accessoires cool.<\/p>\n<ul>\n<li><span style=\"text-align:justify\">Jupe en jacquard de Tencel<\/span><\/li>\n<li><span style=\"text-align:justify\">Coupe<\/span> ajust\u00e9e<\/li>\n<li>Longueur cheville (86 cm)<\/li>\n<li>Fente c\u00f4t\u00e9<\/li>\n<li>Fermeture zipp\u00e9e sur le c\u00f4t\u00e9, invisible<\/li>\n<li>Rubans \u00e0 nouer \u00e0 la taille<\/li>\n<\/ul>\n<p><strong><em>Composition<\/em>:<\/strong><\/p>\n<ul>\n<li>59 % Tencel\u2122 LUXE<\/li>\n<li>41 % Tencel\u2122 Lyocell<\/li>\n<li>Le Tencel Lyocell est une fibre v\u00e9g\u00e9tale artificielle issue de pulpe de bois de for\u00eats \u00e9co-g\u00e9r\u00e9es, g\u00e9n\u00e9ralement de l&#8217;eucalyptus. C&#8217;est une fibre biod\u00e9gradable, la production s&#8217;op\u00e8re en circuit ferm\u00e9 avec des solvants \u00e9cologiques r\u00e9utilis\u00e9s. Gr\u00e2ce \u00e0 cette fibre, les tissus en Tencel sont plus absorbants que le coton et plus doux que la soie.<\/li>\n<\/ul>\n<p><em><strong>Fabrication<\/strong><\/em>:<\/p>\n<ul>\n<li>Fabriqu\u00e9e \u00e9thiquement \u00e0 Izmir en Turquie, par l&#8217;entreprise Merg\u00fc Tekstil Konf. San. Tic. LTD<span style=\"font-family:'Inconsolata Regular', sans-serif;font-size:14.9592px;background-color:#ffffff\"><\/span><\/li>\n<\/ul>\n<p><em><strong>Label(s)<\/strong><\/em>:\u00a0<\/p>\n<ul>\n<li style=\"text-align:left\"><b>PETA approved\u00a0<\/b><strong><\/strong><\/li>\n<\/ul>\n<p><em><strong>Conseil taille<\/strong><\/em>: ce mod\u00e8le taille grand, optez pour une taille en dessous de votre taille habituelle. La mannequin mesure 1m77 et porte la taille S.\u00a0<\/p>\n<p><strong><em><\/em><\/strong><\/p>\n<p><strong><em>Entretien<\/em><\/strong>: lavez \u00e0 30\u00b0C en machine en d\u00e9licat. Nous vous conseillons m\u00eame de glisser ce v\u00eatement dans un filet \u00e0 lingerie pour le prot\u00e9ger lors de son passage en machine.<\/p>\n","protected":false},"excerpt":{"rendered":"<p>Superbe jupe en jacquard de tencel! La coupe moderne et la mati\u00e8re toute douce compos\u00e9e de Tencel\u2122 Lyocell et Tencel\u2122 LUXE en font une pi\u00e8ce de choix pour votre garde-robe.\u00a0 Id\u00e9e look festif: cette jupe + le haut assorti + des escarpins + une multitude de bijoux pour un style super chic!Comment reporter ce top [&hellip;]<\/p>\n","protected":false},"featured_media":1004450,"comment_status":"open","ping_status":"closed","template":"","meta":[],"product_brand":[],"product_cat":[1756,1762],"product_tag":[1810],"acf":[],"_links":{"self":[{"href":"https:\/\/streetmarkets.fr\/app\/wp-json\/wp\/v2\/product\/1004449"}],"collection":[{"href":"https:\/\/streetmarkets.fr\/app\/wp-json\/wp\/v2\/product"}],"about":[{"href":"https:\/\/streetmarkets.fr\/app\/wp-json\/wp\/v2\/types\/product"}],"replies":[{"embeddable":true,"href":"https:\/\/streetmarkets.fr\/app\/wp-json\/wp\/v2\/comments?post=1004449"}],"wp:featuredmedia":[{"embeddable":true,"href":"https:\/\/streetmarkets.fr\/app\/wp-json\/wp\/v2\/media\/1004450"}],"wp:attachment":[{"href":"https:\/\/streetmarkets.fr\/app\/wp-json\/wp\/v2\/media?parent=1004449"}],"wp:term":[{"taxonomy":"product_brand","embeddable":true,"href":"https:\/\/streetmarkets.fr\/app\/wp-json\/wp\/v2\/product_brand?post=1004449"},{"taxonomy":"product_cat","embeddable":true,"href":"https:\/\/streetmarkets.fr\/app\/wp-json\/wp\/v2\/product_cat?post=1004449"},{"taxonomy":"product_tag","embeddable":true,"href":"https:\/\/streetmarkets.fr\/app\/wp-json\/wp\/v2\/product_tag?post=1004449"}],"curies":[{"name":"wp","href":"https:\/\/api.w.org\/{rel}","templated":true}]}}