{"id":1004439,"date":"2024-12-18T00:47:08","date_gmt":"2024-12-17T23:47:08","guid":{"rendered":"https:\/\/streetmarkets.fr\/app\/produit\/top-jacquard-tencel-fronce\/"},"modified":"2025-08-17T01:47:32","modified_gmt":"2025-08-16T23:47:32","slug":"top-jacquard-tencel-fronce","status":"publish","type":"product","link":"https:\/\/streetmarkets.fr\/app\/produit\/top-jacquard-tencel-fronce\/","title":{"rendered":"Top Jacquard Tencel Fronc\u00e9"},"content":{"rendered":"<p>Tr\u00e8s joli top festif en jacquard de tencel! La coupe moderne et la mati\u00e8re toute douce compos\u00e9e de Tencel\u2122 Lyocell et Tencel\u2122 LUXE en font une pi\u00e8ce de choix pour votre garde-robe.\u00a0<\/p>\n<p>Id\u00e9e look festif: ce haut + la jupe assortie + des escarpins + une multitude de bijoux pour un style super chic!<br \/>Comment reporter ce top au quotidien ? Avec un jean noir ou gris, une paire de bottines et un beau cardigan.<\/p>\n<ul>\n<li><span style=\"text-align:justify\">Top en jacquard de Tencel fronc\u00e9<\/span><\/li>\n<li><span style=\"text-align:justify\">Coupe<\/span> ajust\u00e9e<\/li>\n<li>Encolure en V<\/li>\n<li>Manches longues<\/li>\n<li>Fermeture zipp\u00e9e sur le c\u00f4t\u00e9, invisible<\/li>\n<li>D\u00e9tail fronc\u00e9 sur le devant<\/li>\n<\/ul>\n<p><strong><em>Composition<\/em>:<\/strong><\/p>\n<ul>\n<li>59 % Tencel\u2122 LUXE<\/li>\n<li>41 % Tencel\u2122 Lyocell<\/li>\n<li>Le Tencel Lyocell est une fibre v\u00e9g\u00e9tale artificielle issue de pulpe de bois de for\u00eats \u00e9co-g\u00e9r\u00e9es, g\u00e9n\u00e9ralement de l&#8217;eucalyptus. C&#8217;est une fibre biod\u00e9gradable, la production s&#8217;op\u00e8re en circuit ferm\u00e9 avec des solvants \u00e9cologiques r\u00e9utilis\u00e9s. Gr\u00e2ce \u00e0 cette fibre, les tissus en Tencel sont plus absorbants que le coton et plus doux que la soie.<\/li>\n<\/ul>\n<p><em><strong>Fabrication<\/strong><\/em>:<\/p>\n<ul>\n<li>Fabriqu\u00e9 \u00e9thiquement \u00e0 Izmir en Turquie, par l&#8217;entreprise Merg\u00fc Tekstil Konf. San. Tic. LTD<span style=\"font-family:'Inconsolata Regular', sans-serif;font-size:14.9592px;background-color:#ffffff\"><\/span><\/li>\n<\/ul>\n<p><em><strong>Label(s)<\/strong><\/em>:\u00a0<\/p>\n<ul>\n<li style=\"text-align:left\"><b>PETA approved\u00a0<\/b><strong><\/strong><\/li>\n<\/ul>\n<p><em><strong>Conseil taille<\/strong><\/em>: ce mod\u00e8le taille normalement, optez pour votre taille habituelle. La mannequin mesure 1m80 et porte la taille S. Si vous \u00eates entre deux tailles, optez pour la taille du dessous.<\/p>\n<p><strong><em><\/em><\/strong><\/p>\n<p><strong><em>Entretien<\/em><\/strong>: lavez \u00e0 30\u00b0C en machine en d\u00e9licat. Nous vous conseillons m\u00eame de glisser ce v\u00eatement dans un filet \u00e0 lingerie pour le prot\u00e9ger lors de son passage en machine.<\/p>\n","protected":false},"excerpt":{"rendered":"<p>Tr\u00e8s joli top festif en jacquard de tencel! La coupe moderne et la mati\u00e8re toute douce compos\u00e9e de Tencel\u2122 Lyocell et Tencel\u2122 LUXE en font une pi\u00e8ce de choix pour votre garde-robe.\u00a0 Id\u00e9e look festif: ce haut + la jupe assortie + des escarpins + une multitude de bijoux pour un style super chic!Comment reporter [&hellip;]<\/p>\n","protected":false},"featured_media":1004440,"comment_status":"open","ping_status":"closed","template":"","meta":[],"product_brand":[],"product_cat":[1756,1762],"product_tag":[1810],"acf":[],"_links":{"self":[{"href":"https:\/\/streetmarkets.fr\/app\/wp-json\/wp\/v2\/product\/1004439"}],"collection":[{"href":"https:\/\/streetmarkets.fr\/app\/wp-json\/wp\/v2\/product"}],"about":[{"href":"https:\/\/streetmarkets.fr\/app\/wp-json\/wp\/v2\/types\/product"}],"replies":[{"embeddable":true,"href":"https:\/\/streetmarkets.fr\/app\/wp-json\/wp\/v2\/comments?post=1004439"}],"wp:featuredmedia":[{"embeddable":true,"href":"https:\/\/streetmarkets.fr\/app\/wp-json\/wp\/v2\/media\/1004440"}],"wp:attachment":[{"href":"https:\/\/streetmarkets.fr\/app\/wp-json\/wp\/v2\/media?parent=1004439"}],"wp:term":[{"taxonomy":"product_brand","embeddable":true,"href":"https:\/\/streetmarkets.fr\/app\/wp-json\/wp\/v2\/product_brand?post=1004439"},{"taxonomy":"product_cat","embeddable":true,"href":"https:\/\/streetmarkets.fr\/app\/wp-json\/wp\/v2\/product_cat?post=1004439"},{"taxonomy":"product_tag","embeddable":true,"href":"https:\/\/streetmarkets.fr\/app\/wp-json\/wp\/v2\/product_tag?post=1004439"}],"curies":[{"name":"wp","href":"https:\/\/api.w.org\/{rel}","templated":true}]}}